{"id":1422,"date":"2025-09-08T08:18:34","date_gmt":"2025-09-08T08:18:34","guid":{"rendered":"https:\/\/lefildemathilde.fr\/?post_type=product&#038;p=1422"},"modified":"2026-04-17T18:38:05","modified_gmt":"2026-04-17T18:38:05","slug":"kit-la-potentille","status":"publish","type":"product","link":"https:\/\/lefildemathilde.fr\/index.php\/produit\/kit-la-potentille\/","title":{"rendered":"Kit La Potentille"},"content":{"rendered":"<p style=\"font-weight: 400;\"><strong>Contenu du Kit\u00a0:<br \/>\n<\/strong>&#8211; Une toile imprim\u00e9e 100% lin L 20 cm x 20 cm<br \/>\n&#8211; Une tresse de fils \u00e0 broder 100% laine<br \/>\n&#8211; Une fiche explicative du point de Bayeux<br \/>\n&#8211; Une aiguille \u00e0 broder n\u00b05 de la Marque Bohin<\/p>\n<p style=\"font-weight: 400;\"><strong>Kit cr\u00e9\u00e9 et fabriqu\u00e9 en Normandie par <\/strong><strong>Le Fil de Mathilde<\/strong><\/p>\n<p style=\"font-weight: 400;\"><strong>Dimensions de la broderie : <\/strong>7 cm x 7 cm<\/p>\n<p><strong>A NOTER<\/strong><br \/>\nPour ex\u00e9cuter parfaitement le Point de Bayeux, un tambour \u00e0 broder sera indispensable.<\/p>\n<p>L&rsquo;envoi des produits de la boutique aura un num\u00e9ro de suivi.<\/p>\n","protected":false},"excerpt":{"rendered":"<p>Kit de Broderie au Point de Bayeux<\/p>\n","protected":false},"featured_media":1431,"comment_status":"open","ping_status":"closed","template":"","meta":{"_et_pb_use_builder":"off","_et_pb_old_content":"<p style=\"font-weight: 400\"><strong>Contenu du Kit\u00a0:\r\n<\/strong>- Une toile imprim\u00e9e 100% lin L 20 cm x 20 cm\r\n- Une tresse de fils \u00e0 broder 100% laine\r\n- Une fiche explicative du point de Bayeux\r\n- Une aiguille \u00e0 broder<\/p>\r\n<p style=\"font-weight: 400\"><strong>Kit cr\u00e9\u00e9 et fabriqu\u00e9 en Normandie par <\/strong><strong>Le Fil de Mathilde<\/strong><\/p>\r\n<p style=\"font-weight: 400\"><strong>Dimensions de la broderie : <\/strong>7 cm x 7 cm<\/p>\r\n<strong>A NOTER<\/strong>\r\nPour ex\u00e9cuter parfaitement le Point de Bayeux, un tambour \u00e0 broder sera indispensable.\r\n\r\n\u00a0\r\n\r\nL'envoi des produits de la boutique aura un num\u00e9ro de suivi.","_et_gb_content_width":""},"product_brand":[],"product_cat":[29,30],"product_tag":[],"class_list":{"0":"post-1422","1":"product","2":"type-product","3":"status-publish","4":"has-post-thumbnail","6":"product_cat-kits-de-broderie","7":"product_cat-kits-de-mathilde","8":"product_shipping_class-poids-de-21-gr-a-50-gr","10":"first","11":"instock","12":"sale","13":"purchasable","14":"product-type-simple"},"yoast_head":"<!-- This site is optimized with the Yoast SEO plugin v27.4 - https:\/\/yoast.com\/product\/yoast-seo-wordpress\/ -->\n<title>Kit La Potentille - Le Fil de Mathilde<\/title>\n<meta name=\"description\" content=\"Kit de broderie au point de Bayeux. Ce kit aux couleurs printani\u00e8res est un excellent rem\u00e8de au spleen automnal. Edition limit\u00e9e\" \/>\n<meta name=\"robots\" content=\"index, follow, max-snippet:-1, max-image-preview:large, max-video-preview:-1\" \/>\n<link rel=\"canonical\" href=\"https:\/\/lefildemathilde.fr\/index.php\/produit\/kit-la-potentille\/\" \/>\n<meta property=\"og:locale\" content=\"fr_FR\" \/>\n<meta property=\"og:type\" content=\"article\" \/>\n<meta property=\"og:title\" content=\"Kit La Potentille - Le Fil de Mathilde\" \/>\n<meta property=\"og:description\" content=\"Kit de broderie au point de Bayeux. Ce kit aux couleurs printani\u00e8res est un excellent rem\u00e8de au spleen automnal. Edition limit\u00e9e\" \/>\n<meta property=\"og:url\" content=\"https:\/\/lefildemathilde.fr\/index.php\/produit\/kit-la-potentille\/\" \/>\n<meta property=\"og:site_name\" content=\"Le Fil de Mathilde\" \/>\n<meta property=\"article:modified_time\" content=\"2026-04-17T18:38:05+00:00\" \/>\n<meta property=\"og:image\" content=\"https:\/\/lefildemathilde.fr\/wp-content\/uploads\/2025\/09\/Proto-Potentille-e1760113766465.jpg\" \/>\n\t<meta property=\"og:image:width\" content=\"1000\" \/>\n\t<meta property=\"og:image:height\" content=\"1023\" \/>\n\t<meta property=\"og:image:type\" content=\"image\/jpeg\" \/>\n<meta name=\"twitter:card\" content=\"summary_large_image\" \/>\n<meta name=\"twitter:label1\" content=\"Dur\u00e9e de lecture estim\u00e9e\" \/>\n\t<meta name=\"twitter:data1\" content=\"1 minute\" \/>\n<script type=\"application\/ld+json\" class=\"yoast-schema-graph\">{\"@context\":\"https:\\\/\\\/schema.org\",\"@graph\":[{\"@type\":\"WebPage\",\"@id\":\"https:\\\/\\\/lefildemathilde.fr\\\/index.php\\\/produit\\\/kit-la-potentille\\\/\",\"url\":\"https:\\\/\\\/lefildemathilde.fr\\\/index.php\\\/produit\\\/kit-la-potentille\\\/\",\"name\":\"Kit La Potentille - Le Fil de Mathilde\",\"isPartOf\":{\"@id\":\"https:\\\/\\\/lefildemathilde.fr\\\/#website\"},\"primaryImageOfPage\":{\"@id\":\"https:\\\/\\\/lefildemathilde.fr\\\/index.php\\\/produit\\\/kit-la-potentille\\\/#primaryimage\"},\"image\":{\"@id\":\"https:\\\/\\\/lefildemathilde.fr\\\/index.php\\\/produit\\\/kit-la-potentille\\\/#primaryimage\"},\"thumbnailUrl\":\"https:\\\/\\\/lefildemathilde.fr\\\/wp-content\\\/uploads\\\/2025\\\/09\\\/Proto-Potentille-e1760113766465.jpg\",\"datePublished\":\"2025-09-08T08:18:34+00:00\",\"dateModified\":\"2026-04-17T18:38:05+00:00\",\"description\":\"Kit de broderie au point de Bayeux. Ce kit aux couleurs printani\u00e8res est un excellent rem\u00e8de au spleen automnal. Edition limit\u00e9e\",\"breadcrumb\":{\"@id\":\"https:\\\/\\\/lefildemathilde.fr\\\/index.php\\\/produit\\\/kit-la-potentille\\\/#breadcrumb\"},\"inLanguage\":\"fr-FR\",\"potentialAction\":[{\"@type\":\"ReadAction\",\"target\":[\"https:\\\/\\\/lefildemathilde.fr\\\/index.php\\\/produit\\\/kit-la-potentille\\\/\"]}]},{\"@type\":\"ImageObject\",\"inLanguage\":\"fr-FR\",\"@id\":\"https:\\\/\\\/lefildemathilde.fr\\\/index.php\\\/produit\\\/kit-la-potentille\\\/#primaryimage\",\"url\":\"https:\\\/\\\/lefildemathilde.fr\\\/wp-content\\\/uploads\\\/2025\\\/09\\\/Proto-Potentille-e1760113766465.jpg\",\"contentUrl\":\"https:\\\/\\\/lefildemathilde.fr\\\/wp-content\\\/uploads\\\/2025\\\/09\\\/Proto-Potentille-e1760113766465.jpg\",\"width\":1000,\"height\":1023,\"caption\":\"Kit La Potentille Le point de Bayeux\"},{\"@type\":\"BreadcrumbList\",\"@id\":\"https:\\\/\\\/lefildemathilde.fr\\\/index.php\\\/produit\\\/kit-la-potentille\\\/#breadcrumb\",\"itemListElement\":[{\"@type\":\"ListItem\",\"position\":1,\"name\":\"Accueil\",\"item\":\"https:\\\/\\\/lefildemathilde.fr\\\/\"},{\"@type\":\"ListItem\",\"position\":2,\"name\":\"Boutique Kits de broderie point de bayeux\",\"item\":\"https:\\\/\\\/lefildemathilde.fr\\\/index.php\\\/boutique-kits-de-broderie-point-de-bayeux\\\/\"},{\"@type\":\"ListItem\",\"position\":3,\"name\":\"Kit La Potentille\"}]},{\"@type\":\"WebSite\",\"@id\":\"https:\\\/\\\/lefildemathilde.fr\\\/#website\",\"url\":\"https:\\\/\\\/lefildemathilde.fr\\\/\",\"name\":\"Le Fil de Mathilde\",\"description\":\"Kits de broderie au Point de Bayeux\",\"potentialAction\":[{\"@type\":\"SearchAction\",\"target\":{\"@type\":\"EntryPoint\",\"urlTemplate\":\"https:\\\/\\\/lefildemathilde.fr\\\/?s={search_term_string}\"},\"query-input\":{\"@type\":\"PropertyValueSpecification\",\"valueRequired\":true,\"valueName\":\"search_term_string\"}}],\"inLanguage\":\"fr-FR\"}]}<\/script>\n<!-- \/ Yoast SEO plugin. -->","yoast_head_json":{"title":"Kit La Potentille - Le Fil de Mathilde","description":"Kit de broderie au point de Bayeux. Ce kit aux couleurs printani\u00e8res est un excellent rem\u00e8de au spleen automnal. Edition limit\u00e9e","robots":{"index":"index","follow":"follow","max-snippet":"max-snippet:-1","max-image-preview":"max-image-preview:large","max-video-preview":"max-video-preview:-1"},"canonical":"https:\/\/lefildemathilde.fr\/index.php\/produit\/kit-la-potentille\/","og_locale":"fr_FR","og_type":"article","og_title":"Kit La Potentille - Le Fil de Mathilde","og_description":"Kit de broderie au point de Bayeux. Ce kit aux couleurs printani\u00e8res est un excellent rem\u00e8de au spleen automnal. Edition limit\u00e9e","og_url":"https:\/\/lefildemathilde.fr\/index.php\/produit\/kit-la-potentille\/","og_site_name":"Le Fil de Mathilde","article_modified_time":"2026-04-17T18:38:05+00:00","og_image":[{"width":1000,"height":1023,"url":"https:\/\/lefildemathilde.fr\/wp-content\/uploads\/2025\/09\/Proto-Potentille-e1760113766465.jpg","type":"image\/jpeg"}],"twitter_card":"summary_large_image","twitter_misc":{"Dur\u00e9e de lecture estim\u00e9e":"1 minute"},"schema":{"@context":"https:\/\/schema.org","@graph":[{"@type":"WebPage","@id":"https:\/\/lefildemathilde.fr\/index.php\/produit\/kit-la-potentille\/","url":"https:\/\/lefildemathilde.fr\/index.php\/produit\/kit-la-potentille\/","name":"Kit La Potentille - Le Fil de Mathilde","isPartOf":{"@id":"https:\/\/lefildemathilde.fr\/#website"},"primaryImageOfPage":{"@id":"https:\/\/lefildemathilde.fr\/index.php\/produit\/kit-la-potentille\/#primaryimage"},"image":{"@id":"https:\/\/lefildemathilde.fr\/index.php\/produit\/kit-la-potentille\/#primaryimage"},"thumbnailUrl":"https:\/\/lefildemathilde.fr\/wp-content\/uploads\/2025\/09\/Proto-Potentille-e1760113766465.jpg","datePublished":"2025-09-08T08:18:34+00:00","dateModified":"2026-04-17T18:38:05+00:00","description":"Kit de broderie au point de Bayeux. Ce kit aux couleurs printani\u00e8res est un excellent rem\u00e8de au spleen automnal. Edition limit\u00e9e","breadcrumb":{"@id":"https:\/\/lefildemathilde.fr\/index.php\/produit\/kit-la-potentille\/#breadcrumb"},"inLanguage":"fr-FR","potentialAction":[{"@type":"ReadAction","target":["https:\/\/lefildemathilde.fr\/index.php\/produit\/kit-la-potentille\/"]}]},{"@type":"ImageObject","inLanguage":"fr-FR","@id":"https:\/\/lefildemathilde.fr\/index.php\/produit\/kit-la-potentille\/#primaryimage","url":"https:\/\/lefildemathilde.fr\/wp-content\/uploads\/2025\/09\/Proto-Potentille-e1760113766465.jpg","contentUrl":"https:\/\/lefildemathilde.fr\/wp-content\/uploads\/2025\/09\/Proto-Potentille-e1760113766465.jpg","width":1000,"height":1023,"caption":"Kit La Potentille Le point de Bayeux"},{"@type":"BreadcrumbList","@id":"https:\/\/lefildemathilde.fr\/index.php\/produit\/kit-la-potentille\/#breadcrumb","itemListElement":[{"@type":"ListItem","position":1,"name":"Accueil","item":"https:\/\/lefildemathilde.fr\/"},{"@type":"ListItem","position":2,"name":"Boutique Kits de broderie point de bayeux","item":"https:\/\/lefildemathilde.fr\/index.php\/boutique-kits-de-broderie-point-de-bayeux\/"},{"@type":"ListItem","position":3,"name":"Kit La Potentille"}]},{"@type":"WebSite","@id":"https:\/\/lefildemathilde.fr\/#website","url":"https:\/\/lefildemathilde.fr\/","name":"Le Fil de Mathilde","description":"Kits de broderie au Point de Bayeux","potentialAction":[{"@type":"SearchAction","target":{"@type":"EntryPoint","urlTemplate":"https:\/\/lefildemathilde.fr\/?s={search_term_string}"},"query-input":{"@type":"PropertyValueSpecification","valueRequired":true,"valueName":"search_term_string"}}],"inLanguage":"fr-FR"}]}},"jetpack_sharing_enabled":true,"_links":{"self":[{"href":"https:\/\/lefildemathilde.fr\/index.php\/wp-json\/wp\/v2\/product\/1422","targetHints":{"allow":["GET"]}}],"collection":[{"href":"https:\/\/lefildemathilde.fr\/index.php\/wp-json\/wp\/v2\/product"}],"about":[{"href":"https:\/\/lefildemathilde.fr\/index.php\/wp-json\/wp\/v2\/types\/product"}],"replies":[{"embeddable":true,"href":"https:\/\/lefildemathilde.fr\/index.php\/wp-json\/wp\/v2\/comments?post=1422"}],"wp:featuredmedia":[{"embeddable":true,"href":"https:\/\/lefildemathilde.fr\/index.php\/wp-json\/wp\/v2\/media\/1431"}],"wp:attachment":[{"href":"https:\/\/lefildemathilde.fr\/index.php\/wp-json\/wp\/v2\/media?parent=1422"}],"wp:term":[{"taxonomy":"product_brand","embeddable":true,"href":"https:\/\/lefildemathilde.fr\/index.php\/wp-json\/wp\/v2\/product_brand?post=1422"},{"taxonomy":"product_cat","embeddable":true,"href":"https:\/\/lefildemathilde.fr\/index.php\/wp-json\/wp\/v2\/product_cat?post=1422"},{"taxonomy":"product_tag","embeddable":true,"href":"https:\/\/lefildemathilde.fr\/index.php\/wp-json\/wp\/v2\/product_tag?post=1422"}],"curies":[{"name":"wp","href":"https:\/\/api.w.org\/{rel}","templated":true}]}}

<p style="font-weight: 400;"><strong>Contenu du Kit :<br />
</strong>&#8211; Une toile imprimée 100% lin L 20 cm x 20 cm<br />
&#8211; Une tresse de fils à broder 100% laine<br />
&#8211; Une fiche explicative du point de Bayeux<br />
&#8211; Une aiguille à broder n°5 de la Marque Bohin</p>
<p style="font-weight: 400;"><strong>Kit créé et fabriqué en Normandie par </strong><strong>Le Fil de Mathilde</strong></p>
<p style="font-weight: 400;"><strong>Dimensions de la broderie : </strong>7 cm x 7 cm</p>
<p><strong>A NOTER</strong><br />
Pour exécuter parfaitement le Point de Bayeux, un tambour à broder sera indispensable.</p>
<p>L&rsquo;envoi des produits de la boutique aura un numéro de suivi.</p>

<p style="font-weight: 400"><strong>Contenu du Kit :
</strong>- Une toile imprimée 100% lin L 20 cm x 20 cm
- Une tresse de fils à broder 100% laine
- Une fiche explicative du point de Bayeux
- Une aiguille à broder</p>
<p style="font-weight: 400"><strong>Kit créé et fabriqué en Normandie par </strong><strong>Le Fil de Mathilde</strong></p>
<p style="font-weight: 400"><strong>Dimensions de la broderie : </strong>7 cm x 7 cm</p>
<strong>A NOTER</strong>
Pour exécuter parfaitement le Point de Bayeux, un tambour à broder sera indispensable.

 

L'envoi des produits de la boutique aura un numéro de suivi.

<!-- This site is optimized with the Yoast SEO plugin v27.4 - https://yoast.com/product/yoast-seo-wordpress/ -->
<title>Kit La Potentille - Le Fil de Mathilde</title>
<meta name="description" content="Kit de broderie au point de Bayeux. Ce kit aux couleurs printanières est un excellent remède au spleen automnal. Edition limitée" />
<meta name="robots" content="index, follow, max-snippet:-1, max-image-preview:large, max-video-preview:-1" />
<link rel="canonical" href="https://lefildemathilde.fr/index.php/produit/kit-la-potentille/" />
<meta property="og:locale" content="fr_FR" />
<meta property="og:type" content="article" />
<meta property="og:title" content="Kit La Potentille - Le Fil de Mathilde" />
<meta property="og:description" content="Kit de broderie au point de Bayeux. Ce kit aux couleurs printanières est un excellent remède au spleen automnal. Edition limitée" />
<meta property="og:url" content="https://lefildemathilde.fr/index.php/produit/kit-la-potentille/" />
<meta property="og:site_name" content="Le Fil de Mathilde" />
<meta property="article:modified_time" content="2026-04-17T18:38:05+00:00" />
<meta property="og:image" content="https://lefildemathilde.fr/wp-content/uploads/2025/09/Proto-Potentille-e1760113766465.jpg" />
	<meta property="og:image:width" content="1000" />
	<meta property="og:image:height" content="1023" />
	<meta property="og:image:type" content="image/jpeg" />
<meta name="twitter:card" content="summary_large_image" />
<meta name="twitter:label1" content="Durée de lecture estimée" />
	<meta name="twitter:data1" content="1 minute" />
<script type="application/ld+json" class="yoast-schema-graph">{"@context":"https:\/\/schema.org","@graph":[{"@type":"WebPage","@id":"https:\/\/lefildemathilde.fr\/index.php\/produit\/kit-la-potentille\/","url":"https:\/\/lefildemathilde.fr\/index.php\/produit\/kit-la-potentille\/","name":"Kit La Potentille - Le Fil de Mathilde","isPartOf":{"@id":"https:\/\/lefildemathilde.fr\/#website"},"primaryImageOfPage":{"@id":"https:\/\/lefildemathilde.fr\/index.php\/produit\/kit-la-potentille\/#primaryimage"},"image":{"@id":"https:\/\/lefildemathilde.fr\/index.php\/produit\/kit-la-potentille\/#primaryimage"},"thumbnailUrl":"https:\/\/lefildemathilde.fr\/wp-content\/uploads\/2025\/09\/Proto-Potentille-e1760113766465.jpg","datePublished":"2025-09-08T08:18:34+00:00","dateModified":"2026-04-17T18:38:05+00:00","description":"Kit de broderie au point de Bayeux. Ce kit aux couleurs printanières est un excellent remède au spleen automnal. Edition limitée","breadcrumb":{"@id":"https:\/\/lefildemathilde.fr\/index.php\/produit\/kit-la-potentille\/#breadcrumb"},"inLanguage":"fr-FR","potentialAction":[{"@type":"ReadAction","target":["https:\/\/lefildemathilde.fr\/index.php\/produit\/kit-la-potentille\/"]}]},{"@type":"ImageObject","inLanguage":"fr-FR","@id":"https:\/\/lefildemathilde.fr\/index.php\/produit\/kit-la-potentille\/#primaryimage","url":"https:\/\/lefildemathilde.fr\/wp-content\/uploads\/2025\/09\/Proto-Potentille-e1760113766465.jpg","contentUrl":"https:\/\/lefildemathilde.fr\/wp-content\/uploads\/2025\/09\/Proto-Potentille-e1760113766465.jpg","width":1000,"height":1023,"caption":"Kit La Potentille Le point de Bayeux"},{"@type":"BreadcrumbList","@id":"https:\/\/lefildemathilde.fr\/index.php\/produit\/kit-la-potentille\/#breadcrumb","itemListElement":[{"@type":"ListItem","position":1,"name":"Accueil","item":"https:\/\/lefildemathilde.fr\/"},{"@type":"ListItem","position":2,"name":"Boutique Kits de broderie point de bayeux","item":"https:\/\/lefildemathilde.fr\/index.php\/boutique-kits-de-broderie-point-de-bayeux\/"},{"@type":"ListItem","position":3,"name":"Kit La Potentille"}]},{"@type":"WebSite","@id":"https:\/\/lefildemathilde.fr\/#website","url":"https:\/\/lefildemathilde.fr\/","name":"Le Fil de Mathilde","description":"Kits de broderie au Point de Bayeux","potentialAction":[{"@type":"SearchAction","target":{"@type":"EntryPoint","urlTemplate":"https:\/\/lefildemathilde.fr\/?s={search_term_string}"},"query-input":{"@type":"PropertyValueSpecification","valueRequired":true,"valueName":"search_term_string"}}],"inLanguage":"fr-FR"}]}</script>
<!-- / Yoast SEO plugin. -->

Kit de broderie au point de Bayeux. Ce kit aux couleurs printanières est un excellent remède au spleen automnal. Edition limitée
