{"id":239,"date":"2025-09-02T15:44:17","date_gmt":"2025-09-02T15:44:17","guid":{"rendered":"https:\/\/lefildemathilde.fr\/?post_type=product&#038;p=239"},"modified":"2025-12-12T20:07:17","modified_gmt":"2025-12-12T20:07:17","slug":"kit-carnet-a-aiguilles-clematite-pourpre","status":"publish","type":"product","link":"https:\/\/lefildemathilde.fr\/index.php\/produit\/kit-carnet-a-aiguilles-clematite-pourpre\/","title":{"rendered":"Kit Carnet \u00e0 aiguilles Cl\u00e9matite Pourpre"},"content":{"rendered":"<p style=\"font-weight: 400;\"><strong>Contenu du Kit :<\/strong><br \/>\n&#8211; Une toile imprim\u00e9e 100% lin L 34 cm x H 23 cm,<br \/>\n&#8211; Une doublure L 25 cm x H 15 cm<br \/>\n&#8211; Une feutrine L 16 cm x 7 cm<br \/>\n&#8211; Une aiguille \u00e0 broder n\u00b05 de la Marque Bohin<br \/>\n&#8211; Une tresse de fils \u00e0 broder 100% laine<br \/>\n&#8211; Une fiche explicative du point de Bayeux<br \/>\n&#8211; Une fiche de montage du carnet<\/p>\n<p><strong>Kit cr\u00e9\u00e9 et fabriqu\u00e9 en Normandie par Le Fil de Mathilde<\/strong><\/p>\n<p><strong>Dimensions du carnet :<\/strong> 9 x 9 cm<\/p>\n<p><strong>A NOTER<\/strong><br \/>\nPour ex\u00e9cuter parfaitement le Point de Bayeux, un tambour \u00e0 broder sera indispensable.<\/p>\n<p>&nbsp;<\/p>\n<p>L&rsquo;envoi des produits de la boutique aura un num\u00e9ro de suivi.<\/p>\n","protected":false},"excerpt":{"rendered":"<p>Kit de Broderie au Point de Bayeux<\/p>\n","protected":false},"featured_media":3092,"comment_status":"open","ping_status":"closed","template":"","meta":{"_et_pb_use_builder":"","_et_pb_old_content":"","_et_gb_content_width":""},"product_brand":[],"product_cat":[29,30],"product_tag":[],"class_list":{"0":"post-239","1":"product","2":"type-product","3":"status-publish","4":"has-post-thumbnail","6":"product_cat-kits-de-broderie","7":"product_cat-kits-de-mathilde","8":"product_shipping_class-poids-de-101-gr-a-250-gr","10":"first","11":"instock","12":"purchasable","13":"product-type-simple"},"yoast_head":"<!-- This site is optimized with the Yoast SEO plugin v27.4 - https:\/\/yoast.com\/product\/yoast-seo-wordpress\/ -->\n<title>Kit Carnet \u00e0 aiguilles Cl\u00e9matite Pourpre - Le Fil de Mathilde<\/title>\n<meta name=\"description\" content=\"Confectionnez vous-m\u00eame ce carnet \u00e0 aiguilles. D\u00e9couvrez le point de Bayeux pour offrir \u00e0 vos aiguilles cet \u00e9crin color\u00e9.\" \/>\n<meta name=\"robots\" content=\"index, follow, max-snippet:-1, max-image-preview:large, max-video-preview:-1\" \/>\n<link rel=\"canonical\" href=\"https:\/\/lefildemathilde.fr\/index.php\/produit\/kit-carnet-a-aiguilles-clematite-pourpre\/\" \/>\n<meta property=\"og:locale\" content=\"fr_FR\" \/>\n<meta property=\"og:type\" content=\"article\" \/>\n<meta property=\"og:title\" content=\"Kit Carnet \u00e0 aiguilles Cl\u00e9matite Pourpre - Le Fil de Mathilde\" \/>\n<meta property=\"og:description\" content=\"Confectionnez vous-m\u00eame ce carnet \u00e0 aiguilles. D\u00e9couvrez le point de Bayeux pour offrir \u00e0 vos aiguilles cet \u00e9crin color\u00e9.\" \/>\n<meta property=\"og:url\" content=\"https:\/\/lefildemathilde.fr\/index.php\/produit\/kit-carnet-a-aiguilles-clematite-pourpre\/\" \/>\n<meta property=\"og:site_name\" content=\"Le Fil de Mathilde\" \/>\n<meta property=\"article:modified_time\" content=\"2025-12-12T20:07:17+00:00\" \/>\n<meta property=\"og:image\" content=\"https:\/\/lefildemathilde.fr\/wp-content\/uploads\/2025\/09\/Carnet-rouge-interieur-e1760111382172.jpg\" \/>\n\t<meta property=\"og:image:width\" content=\"1000\" \/>\n\t<meta property=\"og:image:height\" content=\"810\" \/>\n\t<meta property=\"og:image:type\" content=\"image\/jpeg\" \/>\n<meta name=\"twitter:card\" content=\"summary_large_image\" \/>\n<meta name=\"twitter:label1\" content=\"Dur\u00e9e de lecture estim\u00e9e\" \/>\n\t<meta name=\"twitter:data1\" content=\"1 minute\" \/>\n<script type=\"application\/ld+json\" class=\"yoast-schema-graph\">{\"@context\":\"https:\\\/\\\/schema.org\",\"@graph\":[{\"@type\":\"WebPage\",\"@id\":\"https:\\\/\\\/lefildemathilde.fr\\\/index.php\\\/produit\\\/kit-carnet-a-aiguilles-clematite-pourpre\\\/\",\"url\":\"https:\\\/\\\/lefildemathilde.fr\\\/index.php\\\/produit\\\/kit-carnet-a-aiguilles-clematite-pourpre\\\/\",\"name\":\"Kit Carnet \u00e0 aiguilles Cl\u00e9matite Pourpre - Le Fil de Mathilde\",\"isPartOf\":{\"@id\":\"https:\\\/\\\/lefildemathilde.fr\\\/#website\"},\"primaryImageOfPage\":{\"@id\":\"https:\\\/\\\/lefildemathilde.fr\\\/index.php\\\/produit\\\/kit-carnet-a-aiguilles-clematite-pourpre\\\/#primaryimage\"},\"image\":{\"@id\":\"https:\\\/\\\/lefildemathilde.fr\\\/index.php\\\/produit\\\/kit-carnet-a-aiguilles-clematite-pourpre\\\/#primaryimage\"},\"thumbnailUrl\":\"https:\\\/\\\/lefildemathilde.fr\\\/wp-content\\\/uploads\\\/2025\\\/09\\\/Carnet-rouge-interieur-e1760111382172.jpg\",\"datePublished\":\"2025-09-02T15:44:17+00:00\",\"dateModified\":\"2025-12-12T20:07:17+00:00\",\"description\":\"Confectionnez vous-m\u00eame ce carnet \u00e0 aiguilles. D\u00e9couvrez le point de Bayeux pour offrir \u00e0 vos aiguilles cet \u00e9crin color\u00e9.\",\"breadcrumb\":{\"@id\":\"https:\\\/\\\/lefildemathilde.fr\\\/index.php\\\/produit\\\/kit-carnet-a-aiguilles-clematite-pourpre\\\/#breadcrumb\"},\"inLanguage\":\"fr-FR\",\"potentialAction\":[{\"@type\":\"ReadAction\",\"target\":[\"https:\\\/\\\/lefildemathilde.fr\\\/index.php\\\/produit\\\/kit-carnet-a-aiguilles-clematite-pourpre\\\/\"]}]},{\"@type\":\"ImageObject\",\"inLanguage\":\"fr-FR\",\"@id\":\"https:\\\/\\\/lefildemathilde.fr\\\/index.php\\\/produit\\\/kit-carnet-a-aiguilles-clematite-pourpre\\\/#primaryimage\",\"url\":\"https:\\\/\\\/lefildemathilde.fr\\\/wp-content\\\/uploads\\\/2025\\\/09\\\/Carnet-rouge-interieur-e1760111382172.jpg\",\"contentUrl\":\"https:\\\/\\\/lefildemathilde.fr\\\/wp-content\\\/uploads\\\/2025\\\/09\\\/Carnet-rouge-interieur-e1760111382172.jpg\",\"width\":1000,\"height\":810,\"caption\":\"Kit Carnet \u00e0 Aiguilles Point de Bayeux\"},{\"@type\":\"BreadcrumbList\",\"@id\":\"https:\\\/\\\/lefildemathilde.fr\\\/index.php\\\/produit\\\/kit-carnet-a-aiguilles-clematite-pourpre\\\/#breadcrumb\",\"itemListElement\":[{\"@type\":\"ListItem\",\"position\":1,\"name\":\"Accueil\",\"item\":\"https:\\\/\\\/lefildemathilde.fr\\\/\"},{\"@type\":\"ListItem\",\"position\":2,\"name\":\"Boutique Kits de broderie point de bayeux\",\"item\":\"https:\\\/\\\/lefildemathilde.fr\\\/index.php\\\/boutique-kits-de-broderie-point-de-bayeux\\\/\"},{\"@type\":\"ListItem\",\"position\":3,\"name\":\"Kit Carnet \u00e0 aiguilles Cl\u00e9matite Pourpre\"}]},{\"@type\":\"WebSite\",\"@id\":\"https:\\\/\\\/lefildemathilde.fr\\\/#website\",\"url\":\"https:\\\/\\\/lefildemathilde.fr\\\/\",\"name\":\"Le Fil de Mathilde\",\"description\":\"Kits de broderie au Point de Bayeux\",\"potentialAction\":[{\"@type\":\"SearchAction\",\"target\":{\"@type\":\"EntryPoint\",\"urlTemplate\":\"https:\\\/\\\/lefildemathilde.fr\\\/?s={search_term_string}\"},\"query-input\":{\"@type\":\"PropertyValueSpecification\",\"valueRequired\":true,\"valueName\":\"search_term_string\"}}],\"inLanguage\":\"fr-FR\"}]}<\/script>\n<!-- \/ Yoast SEO plugin. -->","yoast_head_json":{"title":"Kit Carnet \u00e0 aiguilles Cl\u00e9matite Pourpre - Le Fil de Mathilde","description":"Confectionnez vous-m\u00eame ce carnet \u00e0 aiguilles. D\u00e9couvrez le point de Bayeux pour offrir \u00e0 vos aiguilles cet \u00e9crin color\u00e9.","robots":{"index":"index","follow":"follow","max-snippet":"max-snippet:-1","max-image-preview":"max-image-preview:large","max-video-preview":"max-video-preview:-1"},"canonical":"https:\/\/lefildemathilde.fr\/index.php\/produit\/kit-carnet-a-aiguilles-clematite-pourpre\/","og_locale":"fr_FR","og_type":"article","og_title":"Kit Carnet \u00e0 aiguilles Cl\u00e9matite Pourpre - Le Fil de Mathilde","og_description":"Confectionnez vous-m\u00eame ce carnet \u00e0 aiguilles. D\u00e9couvrez le point de Bayeux pour offrir \u00e0 vos aiguilles cet \u00e9crin color\u00e9.","og_url":"https:\/\/lefildemathilde.fr\/index.php\/produit\/kit-carnet-a-aiguilles-clematite-pourpre\/","og_site_name":"Le Fil de Mathilde","article_modified_time":"2025-12-12T20:07:17+00:00","og_image":[{"width":1000,"height":810,"url":"https:\/\/lefildemathilde.fr\/wp-content\/uploads\/2025\/09\/Carnet-rouge-interieur-e1760111382172.jpg","type":"image\/jpeg"}],"twitter_card":"summary_large_image","twitter_misc":{"Dur\u00e9e de lecture estim\u00e9e":"1 minute"},"schema":{"@context":"https:\/\/schema.org","@graph":[{"@type":"WebPage","@id":"https:\/\/lefildemathilde.fr\/index.php\/produit\/kit-carnet-a-aiguilles-clematite-pourpre\/","url":"https:\/\/lefildemathilde.fr\/index.php\/produit\/kit-carnet-a-aiguilles-clematite-pourpre\/","name":"Kit Carnet \u00e0 aiguilles Cl\u00e9matite Pourpre - Le Fil de Mathilde","isPartOf":{"@id":"https:\/\/lefildemathilde.fr\/#website"},"primaryImageOfPage":{"@id":"https:\/\/lefildemathilde.fr\/index.php\/produit\/kit-carnet-a-aiguilles-clematite-pourpre\/#primaryimage"},"image":{"@id":"https:\/\/lefildemathilde.fr\/index.php\/produit\/kit-carnet-a-aiguilles-clematite-pourpre\/#primaryimage"},"thumbnailUrl":"https:\/\/lefildemathilde.fr\/wp-content\/uploads\/2025\/09\/Carnet-rouge-interieur-e1760111382172.jpg","datePublished":"2025-09-02T15:44:17+00:00","dateModified":"2025-12-12T20:07:17+00:00","description":"Confectionnez vous-m\u00eame ce carnet \u00e0 aiguilles. D\u00e9couvrez le point de Bayeux pour offrir \u00e0 vos aiguilles cet \u00e9crin color\u00e9.","breadcrumb":{"@id":"https:\/\/lefildemathilde.fr\/index.php\/produit\/kit-carnet-a-aiguilles-clematite-pourpre\/#breadcrumb"},"inLanguage":"fr-FR","potentialAction":[{"@type":"ReadAction","target":["https:\/\/lefildemathilde.fr\/index.php\/produit\/kit-carnet-a-aiguilles-clematite-pourpre\/"]}]},{"@type":"ImageObject","inLanguage":"fr-FR","@id":"https:\/\/lefildemathilde.fr\/index.php\/produit\/kit-carnet-a-aiguilles-clematite-pourpre\/#primaryimage","url":"https:\/\/lefildemathilde.fr\/wp-content\/uploads\/2025\/09\/Carnet-rouge-interieur-e1760111382172.jpg","contentUrl":"https:\/\/lefildemathilde.fr\/wp-content\/uploads\/2025\/09\/Carnet-rouge-interieur-e1760111382172.jpg","width":1000,"height":810,"caption":"Kit Carnet \u00e0 Aiguilles Point de Bayeux"},{"@type":"BreadcrumbList","@id":"https:\/\/lefildemathilde.fr\/index.php\/produit\/kit-carnet-a-aiguilles-clematite-pourpre\/#breadcrumb","itemListElement":[{"@type":"ListItem","position":1,"name":"Accueil","item":"https:\/\/lefildemathilde.fr\/"},{"@type":"ListItem","position":2,"name":"Boutique Kits de broderie point de bayeux","item":"https:\/\/lefildemathilde.fr\/index.php\/boutique-kits-de-broderie-point-de-bayeux\/"},{"@type":"ListItem","position":3,"name":"Kit Carnet \u00e0 aiguilles Cl\u00e9matite Pourpre"}]},{"@type":"WebSite","@id":"https:\/\/lefildemathilde.fr\/#website","url":"https:\/\/lefildemathilde.fr\/","name":"Le Fil de Mathilde","description":"Kits de broderie au Point de Bayeux","potentialAction":[{"@type":"SearchAction","target":{"@type":"EntryPoint","urlTemplate":"https:\/\/lefildemathilde.fr\/?s={search_term_string}"},"query-input":{"@type":"PropertyValueSpecification","valueRequired":true,"valueName":"search_term_string"}}],"inLanguage":"fr-FR"}]}},"jetpack_sharing_enabled":true,"_links":{"self":[{"href":"https:\/\/lefildemathilde.fr\/index.php\/wp-json\/wp\/v2\/product\/239","targetHints":{"allow":["GET"]}}],"collection":[{"href":"https:\/\/lefildemathilde.fr\/index.php\/wp-json\/wp\/v2\/product"}],"about":[{"href":"https:\/\/lefildemathilde.fr\/index.php\/wp-json\/wp\/v2\/types\/product"}],"replies":[{"embeddable":true,"href":"https:\/\/lefildemathilde.fr\/index.php\/wp-json\/wp\/v2\/comments?post=239"}],"wp:featuredmedia":[{"embeddable":true,"href":"https:\/\/lefildemathilde.fr\/index.php\/wp-json\/wp\/v2\/media\/3092"}],"wp:attachment":[{"href":"https:\/\/lefildemathilde.fr\/index.php\/wp-json\/wp\/v2\/media?parent=239"}],"wp:term":[{"taxonomy":"product_brand","embeddable":true,"href":"https:\/\/lefildemathilde.fr\/index.php\/wp-json\/wp\/v2\/product_brand?post=239"},{"taxonomy":"product_cat","embeddable":true,"href":"https:\/\/lefildemathilde.fr\/index.php\/wp-json\/wp\/v2\/product_cat?post=239"},{"taxonomy":"product_tag","embeddable":true,"href":"https:\/\/lefildemathilde.fr\/index.php\/wp-json\/wp\/v2\/product_tag?post=239"}],"curies":[{"name":"wp","href":"https:\/\/api.w.org\/{rel}","templated":true}]}}

Kit Carnet à aiguilles Clématite Pourpre

<p style="font-weight: 400;"><strong>Contenu du Kit :</strong><br />
&#8211; Une toile imprimée 100% lin L 34 cm x H 23 cm,<br />
&#8211; Une doublure L 25 cm x H 15 cm<br />
&#8211; Une feutrine L 16 cm x 7 cm<br />
&#8211; Une aiguille à broder n°5 de la Marque Bohin<br />
&#8211; Une tresse de fils à broder 100% laine<br />
&#8211; Une fiche explicative du point de Bayeux<br />
&#8211; Une fiche de montage du carnet</p>
<p><strong>Kit créé et fabriqué en Normandie par Le Fil de Mathilde</strong></p>
<p><strong>Dimensions du carnet :</strong> 9 x 9 cm</p>
<p><strong>A NOTER</strong><br />
Pour exécuter parfaitement le Point de Bayeux, un tambour à broder sera indispensable.</p>
<p>&nbsp;</p>
<p>L&rsquo;envoi des produits de la boutique aura un numéro de suivi.</p>

<!-- This site is optimized with the Yoast SEO plugin v27.4 - https://yoast.com/product/yoast-seo-wordpress/ -->
<title>Kit Carnet à aiguilles Clématite Pourpre - Le Fil de Mathilde</title>
<meta name="description" content="Confectionnez vous-même ce carnet à aiguilles. Découvrez le point de Bayeux pour offrir à vos aiguilles cet écrin coloré." />
<meta name="robots" content="index, follow, max-snippet:-1, max-image-preview:large, max-video-preview:-1" />
<link rel="canonical" href="https://lefildemathilde.fr/index.php/produit/kit-carnet-a-aiguilles-clematite-pourpre/" />
<meta property="og:locale" content="fr_FR" />
<meta property="og:type" content="article" />
<meta property="og:title" content="Kit Carnet à aiguilles Clématite Pourpre - Le Fil de Mathilde" />
<meta property="og:description" content="Confectionnez vous-même ce carnet à aiguilles. Découvrez le point de Bayeux pour offrir à vos aiguilles cet écrin coloré." />
<meta property="og:url" content="https://lefildemathilde.fr/index.php/produit/kit-carnet-a-aiguilles-clematite-pourpre/" />
<meta property="og:site_name" content="Le Fil de Mathilde" />
<meta property="article:modified_time" content="2025-12-12T20:07:17+00:00" />
<meta property="og:image" content="https://lefildemathilde.fr/wp-content/uploads/2025/09/Carnet-rouge-interieur-e1760111382172.jpg" />
	<meta property="og:image:width" content="1000" />
	<meta property="og:image:height" content="810" />
	<meta property="og:image:type" content="image/jpeg" />
<meta name="twitter:card" content="summary_large_image" />
<meta name="twitter:label1" content="Durée de lecture estimée" />
	<meta name="twitter:data1" content="1 minute" />
<script type="application/ld+json" class="yoast-schema-graph">{"@context":"https:\/\/schema.org","@graph":[{"@type":"WebPage","@id":"https:\/\/lefildemathilde.fr\/index.php\/produit\/kit-carnet-a-aiguilles-clematite-pourpre\/","url":"https:\/\/lefildemathilde.fr\/index.php\/produit\/kit-carnet-a-aiguilles-clematite-pourpre\/","name":"Kit Carnet à aiguilles Clématite Pourpre - Le Fil de Mathilde","isPartOf":{"@id":"https:\/\/lefildemathilde.fr\/#website"},"primaryImageOfPage":{"@id":"https:\/\/lefildemathilde.fr\/index.php\/produit\/kit-carnet-a-aiguilles-clematite-pourpre\/#primaryimage"},"image":{"@id":"https:\/\/lefildemathilde.fr\/index.php\/produit\/kit-carnet-a-aiguilles-clematite-pourpre\/#primaryimage"},"thumbnailUrl":"https:\/\/lefildemathilde.fr\/wp-content\/uploads\/2025\/09\/Carnet-rouge-interieur-e1760111382172.jpg","datePublished":"2025-09-02T15:44:17+00:00","dateModified":"2025-12-12T20:07:17+00:00","description":"Confectionnez vous-même ce carnet à aiguilles. Découvrez le point de Bayeux pour offrir à vos aiguilles cet écrin coloré.","breadcrumb":{"@id":"https:\/\/lefildemathilde.fr\/index.php\/produit\/kit-carnet-a-aiguilles-clematite-pourpre\/#breadcrumb"},"inLanguage":"fr-FR","potentialAction":[{"@type":"ReadAction","target":["https:\/\/lefildemathilde.fr\/index.php\/produit\/kit-carnet-a-aiguilles-clematite-pourpre\/"]}]},{"@type":"ImageObject","inLanguage":"fr-FR","@id":"https:\/\/lefildemathilde.fr\/index.php\/produit\/kit-carnet-a-aiguilles-clematite-pourpre\/#primaryimage","url":"https:\/\/lefildemathilde.fr\/wp-content\/uploads\/2025\/09\/Carnet-rouge-interieur-e1760111382172.jpg","contentUrl":"https:\/\/lefildemathilde.fr\/wp-content\/uploads\/2025\/09\/Carnet-rouge-interieur-e1760111382172.jpg","width":1000,"height":810,"caption":"Kit Carnet à Aiguilles Point de Bayeux"},{"@type":"BreadcrumbList","@id":"https:\/\/lefildemathilde.fr\/index.php\/produit\/kit-carnet-a-aiguilles-clematite-pourpre\/#breadcrumb","itemListElement":[{"@type":"ListItem","position":1,"name":"Accueil","item":"https:\/\/lefildemathilde.fr\/"},{"@type":"ListItem","position":2,"name":"Boutique Kits de broderie point de bayeux","item":"https:\/\/lefildemathilde.fr\/index.php\/boutique-kits-de-broderie-point-de-bayeux\/"},{"@type":"ListItem","position":3,"name":"Kit Carnet à aiguilles Clématite Pourpre"}]},{"@type":"WebSite","@id":"https:\/\/lefildemathilde.fr\/#website","url":"https:\/\/lefildemathilde.fr\/","name":"Le Fil de Mathilde","description":"Kits de broderie au Point de Bayeux","potentialAction":[{"@type":"SearchAction","target":{"@type":"EntryPoint","urlTemplate":"https:\/\/lefildemathilde.fr\/?s={search_term_string}"},"query-input":{"@type":"PropertyValueSpecification","valueRequired":true,"valueName":"search_term_string"}}],"inLanguage":"fr-FR"}]}</script>
<!-- / Yoast SEO plugin. -->

Kit Carnet à aiguilles Clématite Pourpre - Le Fil de Mathilde

Confectionnez vous-même ce carnet à aiguilles. Découvrez le point de Bayeux pour offrir à vos aiguilles cet écrin coloré.

Kit Carnet à Aiguilles Point de Bayeux
