{"id":3471,"date":"2025-12-05T10:09:23","date_gmt":"2025-12-05T10:09:23","guid":{"rendered":"https:\/\/lefildemathilde.fr\/?post_type=product&#038;p=3471"},"modified":"2026-04-17T18:38:05","modified_gmt":"2026-04-17T18:38:05","slug":"kit-le-rouge-gorge-de-noel","status":"publish","type":"product","link":"https:\/\/lefildemathilde.fr\/index.php\/produit\/kit-le-rouge-gorge-de-noel\/","title":{"rendered":"Kit Le Rouge-Gorge de No\u00ebl"},"content":{"rendered":"<p style=\"font-weight: 400;\"><strong>Contenu du Kit\u00a0: <\/strong><\/p>\n<p style=\"font-weight: 400;\">&#8211; Une toile imprim\u00e9e 100% lin L 20 cm x 20 cm<br \/>\n&#8211; Une tresse de fils \u00e0 broder 100% laine<br \/>\n&#8211; Une fiche explicative du point de Bayeux<br \/>\n&#8211; Une aiguille \u00e0 broder n\u00b05 de la Marque Fran\u00e7aise Bohin<\/p>\n<p style=\"font-weight: 400;\"><strong>Kit cr\u00e9\u00e9 et fabriqu\u00e9 en Normandie par <\/strong><strong>Le Fil de Mathilde <\/strong><\/p>\n<p style=\"font-weight: 400;\"><strong> Dimensions de la broderie :<\/strong> L 10,5 cm x H 10 cm<\/p>\n<p><strong>A NOTER<\/strong> Pour ex\u00e9cuter parfaitement le Point de Bayeux, un tambour \u00e0 broder sera indispensable.<\/p>\n<p>L&rsquo;envoi des produits de la boutique aura un num\u00e9ro de suivi.<\/p>\n","protected":false},"excerpt":{"rendered":"<p>Kit de Broderie au Point de Bayeux<\/p>\n","protected":false},"featured_media":3473,"comment_status":"open","ping_status":"closed","template":"","meta":{"_et_pb_use_builder":"off","_et_pb_old_content":"<p style=\"font-weight: 400\"><strong>Contenu du Kit\u00a0:\r\n<\/strong>- Une toile imprim\u00e9e 100% lin L 20 cm x 20 cm\r\n- Une tresse de fils \u00e0 broder 100% laine\r\n- Une fiche explicative du point de Bayeux\r\n- Une aiguille \u00e0 broder n\u00b05 de la Marque Fran\u00e7aise Bohin<\/p>\r\n<p style=\"font-weight: 400\"><strong>Kit cr\u00e9\u00e9 et fabriqu\u00e9 en Normandie par <\/strong><strong>Le Fil de Mathilde\r\n<\/strong><strong>\r\nDimensions de la broderie :<\/strong> L 10,5 cm x H 10 cm<\/p>\r\n<strong>A NOTER<\/strong>\r\nPour ex\u00e9cuter parfaitement le Point de Bayeux, un tambour \u00e0 broder sera indispensable.\r\n\r\nL'envoi des produits de la boutique aura un num\u00e9ro de suivi.","_et_gb_content_width":""},"product_brand":[],"product_cat":[29,30],"product_tag":[],"class_list":{"0":"post-3471","1":"product","2":"type-product","3":"status-publish","4":"has-post-thumbnail","6":"product_cat-kits-de-broderie","7":"product_cat-kits-de-mathilde","8":"product_shipping_class-poids-de-21-gr-a-50-gr","10":"first","11":"instock","12":"purchasable","13":"product-type-simple"},"yoast_head":"<!-- This site is optimized with the Yoast SEO plugin v27.4 - https:\/\/yoast.com\/product\/yoast-seo-wordpress\/ -->\n<title>Kit Le Rouge-Gorge de No\u00ebl - Le Fil de Mathilde<\/title>\n<meta name=\"description\" content=\"Kit de broderie au point de Bayeux. Ce kit est tout \u00e0 fait id\u00e9al pour d\u00e9couvrir le point de la C\u00e9l\u00e8bre Tapisserie de Bayeux. A offrir en kit ou brod\u00e9...\" \/>\n<meta name=\"robots\" content=\"index, follow, max-snippet:-1, max-image-preview:large, max-video-preview:-1\" \/>\n<link rel=\"canonical\" href=\"https:\/\/lefildemathilde.fr\/index.php\/produit\/kit-le-rouge-gorge-de-noel\/\" \/>\n<meta property=\"og:locale\" content=\"fr_FR\" \/>\n<meta property=\"og:type\" content=\"article\" \/>\n<meta property=\"og:title\" content=\"Kit Le Rouge-Gorge de No\u00ebl - Le Fil de Mathilde\" \/>\n<meta property=\"og:description\" content=\"Kit de broderie au point de Bayeux. Ce kit est tout \u00e0 fait id\u00e9al pour d\u00e9couvrir le point de la C\u00e9l\u00e8bre Tapisserie de Bayeux. A offrir en kit ou brod\u00e9...\" \/>\n<meta property=\"og:url\" content=\"https:\/\/lefildemathilde.fr\/index.php\/produit\/kit-le-rouge-gorge-de-noel\/\" \/>\n<meta property=\"og:site_name\" content=\"Le Fil de Mathilde\" \/>\n<meta property=\"article:modified_time\" content=\"2026-04-17T18:38:05+00:00\" \/>\n<meta property=\"og:image\" content=\"https:\/\/lefildemathilde.fr\/wp-content\/uploads\/2025\/12\/Le-Rouge-Gorge-de-Noel--e1764930904812.jpg\" \/>\n\t<meta property=\"og:image:width\" content=\"1100\" \/>\n\t<meta property=\"og:image:height\" content=\"1108\" \/>\n\t<meta property=\"og:image:type\" content=\"image\/jpeg\" \/>\n<meta name=\"twitter:card\" content=\"summary_large_image\" \/>\n<meta name=\"twitter:label1\" content=\"Dur\u00e9e de lecture estim\u00e9e\" \/>\n\t<meta name=\"twitter:data1\" content=\"1 minute\" \/>\n<script type=\"application\/ld+json\" class=\"yoast-schema-graph\">{\"@context\":\"https:\\\/\\\/schema.org\",\"@graph\":[{\"@type\":\"WebPage\",\"@id\":\"https:\\\/\\\/lefildemathilde.fr\\\/index.php\\\/produit\\\/kit-le-rouge-gorge-de-noel\\\/\",\"url\":\"https:\\\/\\\/lefildemathilde.fr\\\/index.php\\\/produit\\\/kit-le-rouge-gorge-de-noel\\\/\",\"name\":\"Kit Le Rouge-Gorge de No\u00ebl - Le Fil de Mathilde\",\"isPartOf\":{\"@id\":\"https:\\\/\\\/lefildemathilde.fr\\\/#website\"},\"primaryImageOfPage\":{\"@id\":\"https:\\\/\\\/lefildemathilde.fr\\\/index.php\\\/produit\\\/kit-le-rouge-gorge-de-noel\\\/#primaryimage\"},\"image\":{\"@id\":\"https:\\\/\\\/lefildemathilde.fr\\\/index.php\\\/produit\\\/kit-le-rouge-gorge-de-noel\\\/#primaryimage\"},\"thumbnailUrl\":\"https:\\\/\\\/lefildemathilde.fr\\\/wp-content\\\/uploads\\\/2025\\\/12\\\/Le-Rouge-Gorge-de-Noel--e1764930904812.jpg\",\"datePublished\":\"2025-12-05T10:09:23+00:00\",\"dateModified\":\"2026-04-17T18:38:05+00:00\",\"description\":\"Kit de broderie au point de Bayeux. Ce kit est tout \u00e0 fait id\u00e9al pour d\u00e9couvrir le point de la C\u00e9l\u00e8bre Tapisserie de Bayeux. A offrir en kit ou brod\u00e9...\",\"breadcrumb\":{\"@id\":\"https:\\\/\\\/lefildemathilde.fr\\\/index.php\\\/produit\\\/kit-le-rouge-gorge-de-noel\\\/#breadcrumb\"},\"inLanguage\":\"fr-FR\",\"potentialAction\":[{\"@type\":\"ReadAction\",\"target\":[\"https:\\\/\\\/lefildemathilde.fr\\\/index.php\\\/produit\\\/kit-le-rouge-gorge-de-noel\\\/\"]}]},{\"@type\":\"ImageObject\",\"inLanguage\":\"fr-FR\",\"@id\":\"https:\\\/\\\/lefildemathilde.fr\\\/index.php\\\/produit\\\/kit-le-rouge-gorge-de-noel\\\/#primaryimage\",\"url\":\"https:\\\/\\\/lefildemathilde.fr\\\/wp-content\\\/uploads\\\/2025\\\/12\\\/Le-Rouge-Gorge-de-Noel--e1764930904812.jpg\",\"contentUrl\":\"https:\\\/\\\/lefildemathilde.fr\\\/wp-content\\\/uploads\\\/2025\\\/12\\\/Le-Rouge-Gorge-de-Noel--e1764930904812.jpg\",\"width\":1100,\"height\":1108,\"caption\":\"Kit de Broderie Le rouge-gorge de No\u00ebl\"},{\"@type\":\"BreadcrumbList\",\"@id\":\"https:\\\/\\\/lefildemathilde.fr\\\/index.php\\\/produit\\\/kit-le-rouge-gorge-de-noel\\\/#breadcrumb\",\"itemListElement\":[{\"@type\":\"ListItem\",\"position\":1,\"name\":\"Accueil\",\"item\":\"https:\\\/\\\/lefildemathilde.fr\\\/\"},{\"@type\":\"ListItem\",\"position\":2,\"name\":\"Boutique Kits de broderie point de bayeux\",\"item\":\"https:\\\/\\\/lefildemathilde.fr\\\/index.php\\\/boutique-kits-de-broderie-point-de-bayeux\\\/\"},{\"@type\":\"ListItem\",\"position\":3,\"name\":\"Kit Le Rouge-Gorge de No\u00ebl\"}]},{\"@type\":\"WebSite\",\"@id\":\"https:\\\/\\\/lefildemathilde.fr\\\/#website\",\"url\":\"https:\\\/\\\/lefildemathilde.fr\\\/\",\"name\":\"Le Fil de Mathilde\",\"description\":\"Kits de broderie au Point de Bayeux\",\"potentialAction\":[{\"@type\":\"SearchAction\",\"target\":{\"@type\":\"EntryPoint\",\"urlTemplate\":\"https:\\\/\\\/lefildemathilde.fr\\\/?s={search_term_string}\"},\"query-input\":{\"@type\":\"PropertyValueSpecification\",\"valueRequired\":true,\"valueName\":\"search_term_string\"}}],\"inLanguage\":\"fr-FR\"}]}<\/script>\n<!-- \/ Yoast SEO plugin. -->","yoast_head_json":{"title":"Kit Le Rouge-Gorge de No\u00ebl - Le Fil de Mathilde","description":"Kit de broderie au point de Bayeux. Ce kit est tout \u00e0 fait id\u00e9al pour d\u00e9couvrir le point de la C\u00e9l\u00e8bre Tapisserie de Bayeux. A offrir en kit ou brod\u00e9...","robots":{"index":"index","follow":"follow","max-snippet":"max-snippet:-1","max-image-preview":"max-image-preview:large","max-video-preview":"max-video-preview:-1"},"canonical":"https:\/\/lefildemathilde.fr\/index.php\/produit\/kit-le-rouge-gorge-de-noel\/","og_locale":"fr_FR","og_type":"article","og_title":"Kit Le Rouge-Gorge de No\u00ebl - Le Fil de Mathilde","og_description":"Kit de broderie au point de Bayeux. Ce kit est tout \u00e0 fait id\u00e9al pour d\u00e9couvrir le point de la C\u00e9l\u00e8bre Tapisserie de Bayeux. A offrir en kit ou brod\u00e9...","og_url":"https:\/\/lefildemathilde.fr\/index.php\/produit\/kit-le-rouge-gorge-de-noel\/","og_site_name":"Le Fil de Mathilde","article_modified_time":"2026-04-17T18:38:05+00:00","og_image":[{"width":1100,"height":1108,"url":"https:\/\/lefildemathilde.fr\/wp-content\/uploads\/2025\/12\/Le-Rouge-Gorge-de-Noel--e1764930904812.jpg","type":"image\/jpeg"}],"twitter_card":"summary_large_image","twitter_misc":{"Dur\u00e9e de lecture estim\u00e9e":"1 minute"},"schema":{"@context":"https:\/\/schema.org","@graph":[{"@type":"WebPage","@id":"https:\/\/lefildemathilde.fr\/index.php\/produit\/kit-le-rouge-gorge-de-noel\/","url":"https:\/\/lefildemathilde.fr\/index.php\/produit\/kit-le-rouge-gorge-de-noel\/","name":"Kit Le Rouge-Gorge de No\u00ebl - Le Fil de Mathilde","isPartOf":{"@id":"https:\/\/lefildemathilde.fr\/#website"},"primaryImageOfPage":{"@id":"https:\/\/lefildemathilde.fr\/index.php\/produit\/kit-le-rouge-gorge-de-noel\/#primaryimage"},"image":{"@id":"https:\/\/lefildemathilde.fr\/index.php\/produit\/kit-le-rouge-gorge-de-noel\/#primaryimage"},"thumbnailUrl":"https:\/\/lefildemathilde.fr\/wp-content\/uploads\/2025\/12\/Le-Rouge-Gorge-de-Noel--e1764930904812.jpg","datePublished":"2025-12-05T10:09:23+00:00","dateModified":"2026-04-17T18:38:05+00:00","description":"Kit de broderie au point de Bayeux. Ce kit est tout \u00e0 fait id\u00e9al pour d\u00e9couvrir le point de la C\u00e9l\u00e8bre Tapisserie de Bayeux. A offrir en kit ou brod\u00e9...","breadcrumb":{"@id":"https:\/\/lefildemathilde.fr\/index.php\/produit\/kit-le-rouge-gorge-de-noel\/#breadcrumb"},"inLanguage":"fr-FR","potentialAction":[{"@type":"ReadAction","target":["https:\/\/lefildemathilde.fr\/index.php\/produit\/kit-le-rouge-gorge-de-noel\/"]}]},{"@type":"ImageObject","inLanguage":"fr-FR","@id":"https:\/\/lefildemathilde.fr\/index.php\/produit\/kit-le-rouge-gorge-de-noel\/#primaryimage","url":"https:\/\/lefildemathilde.fr\/wp-content\/uploads\/2025\/12\/Le-Rouge-Gorge-de-Noel--e1764930904812.jpg","contentUrl":"https:\/\/lefildemathilde.fr\/wp-content\/uploads\/2025\/12\/Le-Rouge-Gorge-de-Noel--e1764930904812.jpg","width":1100,"height":1108,"caption":"Kit de Broderie Le rouge-gorge de No\u00ebl"},{"@type":"BreadcrumbList","@id":"https:\/\/lefildemathilde.fr\/index.php\/produit\/kit-le-rouge-gorge-de-noel\/#breadcrumb","itemListElement":[{"@type":"ListItem","position":1,"name":"Accueil","item":"https:\/\/lefildemathilde.fr\/"},{"@type":"ListItem","position":2,"name":"Boutique Kits de broderie point de bayeux","item":"https:\/\/lefildemathilde.fr\/index.php\/boutique-kits-de-broderie-point-de-bayeux\/"},{"@type":"ListItem","position":3,"name":"Kit Le Rouge-Gorge de No\u00ebl"}]},{"@type":"WebSite","@id":"https:\/\/lefildemathilde.fr\/#website","url":"https:\/\/lefildemathilde.fr\/","name":"Le Fil de Mathilde","description":"Kits de broderie au Point de Bayeux","potentialAction":[{"@type":"SearchAction","target":{"@type":"EntryPoint","urlTemplate":"https:\/\/lefildemathilde.fr\/?s={search_term_string}"},"query-input":{"@type":"PropertyValueSpecification","valueRequired":true,"valueName":"search_term_string"}}],"inLanguage":"fr-FR"}]}},"jetpack_sharing_enabled":true,"_links":{"self":[{"href":"https:\/\/lefildemathilde.fr\/index.php\/wp-json\/wp\/v2\/product\/3471","targetHints":{"allow":["GET"]}}],"collection":[{"href":"https:\/\/lefildemathilde.fr\/index.php\/wp-json\/wp\/v2\/product"}],"about":[{"href":"https:\/\/lefildemathilde.fr\/index.php\/wp-json\/wp\/v2\/types\/product"}],"replies":[{"embeddable":true,"href":"https:\/\/lefildemathilde.fr\/index.php\/wp-json\/wp\/v2\/comments?post=3471"}],"wp:featuredmedia":[{"embeddable":true,"href":"https:\/\/lefildemathilde.fr\/index.php\/wp-json\/wp\/v2\/media\/3473"}],"wp:attachment":[{"href":"https:\/\/lefildemathilde.fr\/index.php\/wp-json\/wp\/v2\/media?parent=3471"}],"wp:term":[{"taxonomy":"product_brand","embeddable":true,"href":"https:\/\/lefildemathilde.fr\/index.php\/wp-json\/wp\/v2\/product_brand?post=3471"},{"taxonomy":"product_cat","embeddable":true,"href":"https:\/\/lefildemathilde.fr\/index.php\/wp-json\/wp\/v2\/product_cat?post=3471"},{"taxonomy":"product_tag","embeddable":true,"href":"https:\/\/lefildemathilde.fr\/index.php\/wp-json\/wp\/v2\/product_tag?post=3471"}],"curies":[{"name":"wp","href":"https:\/\/api.w.org\/{rel}","templated":true}]}}

Kit Le Rouge-Gorge de Noël

<p style="font-weight: 400;"><strong>Contenu du Kit : </strong></p>
<p style="font-weight: 400;">&#8211; Une toile imprimée 100% lin L 20 cm x 20 cm<br />
&#8211; Une tresse de fils à broder 100% laine<br />
&#8211; Une fiche explicative du point de Bayeux<br />
&#8211; Une aiguille à broder n°5 de la Marque Française Bohin</p>
<p style="font-weight: 400;"><strong>Kit créé et fabriqué en Normandie par </strong><strong>Le Fil de Mathilde </strong></p>
<p style="font-weight: 400;"><strong> Dimensions de la broderie :</strong> L 10,5 cm x H 10 cm</p>
<p><strong>A NOTER</strong> Pour exécuter parfaitement le Point de Bayeux, un tambour à broder sera indispensable.</p>
<p>L&rsquo;envoi des produits de la boutique aura un numéro de suivi.</p>

<p style="font-weight: 400"><strong>Contenu du Kit :
</strong>- Une toile imprimée 100% lin L 20 cm x 20 cm
- Une tresse de fils à broder 100% laine
- Une fiche explicative du point de Bayeux
- Une aiguille à broder n°5 de la Marque Française Bohin</p>
<p style="font-weight: 400"><strong>Kit créé et fabriqué en Normandie par </strong><strong>Le Fil de Mathilde
</strong><strong>
Dimensions de la broderie :</strong> L 10,5 cm x H 10 cm</p>
<strong>A NOTER</strong>
Pour exécuter parfaitement le Point de Bayeux, un tambour à broder sera indispensable.

L'envoi des produits de la boutique aura un numéro de suivi.

<!-- This site is optimized with the Yoast SEO plugin v27.4 - https://yoast.com/product/yoast-seo-wordpress/ -->
<title>Kit Le Rouge-Gorge de Noël - Le Fil de Mathilde</title>
<meta name="description" content="Kit de broderie au point de Bayeux. Ce kit est tout à fait idéal pour découvrir le point de la Célèbre Tapisserie de Bayeux. A offrir en kit ou brodé..." />
<meta name="robots" content="index, follow, max-snippet:-1, max-image-preview:large, max-video-preview:-1" />
<link rel="canonical" href="https://lefildemathilde.fr/index.php/produit/kit-le-rouge-gorge-de-noel/" />
<meta property="og:locale" content="fr_FR" />
<meta property="og:type" content="article" />
<meta property="og:title" content="Kit Le Rouge-Gorge de Noël - Le Fil de Mathilde" />
<meta property="og:description" content="Kit de broderie au point de Bayeux. Ce kit est tout à fait idéal pour découvrir le point de la Célèbre Tapisserie de Bayeux. A offrir en kit ou brodé..." />
<meta property="og:url" content="https://lefildemathilde.fr/index.php/produit/kit-le-rouge-gorge-de-noel/" />
<meta property="og:site_name" content="Le Fil de Mathilde" />
<meta property="article:modified_time" content="2026-04-17T18:38:05+00:00" />
<meta property="og:image" content="https://lefildemathilde.fr/wp-content/uploads/2025/12/Le-Rouge-Gorge-de-Noel--e1764930904812.jpg" />
	<meta property="og:image:width" content="1100" />
	<meta property="og:image:height" content="1108" />
	<meta property="og:image:type" content="image/jpeg" />
<meta name="twitter:card" content="summary_large_image" />
<meta name="twitter:label1" content="Durée de lecture estimée" />
	<meta name="twitter:data1" content="1 minute" />
<script type="application/ld+json" class="yoast-schema-graph">{"@context":"https:\/\/schema.org","@graph":[{"@type":"WebPage","@id":"https:\/\/lefildemathilde.fr\/index.php\/produit\/kit-le-rouge-gorge-de-noel\/","url":"https:\/\/lefildemathilde.fr\/index.php\/produit\/kit-le-rouge-gorge-de-noel\/","name":"Kit Le Rouge-Gorge de Noël - Le Fil de Mathilde","isPartOf":{"@id":"https:\/\/lefildemathilde.fr\/#website"},"primaryImageOfPage":{"@id":"https:\/\/lefildemathilde.fr\/index.php\/produit\/kit-le-rouge-gorge-de-noel\/#primaryimage"},"image":{"@id":"https:\/\/lefildemathilde.fr\/index.php\/produit\/kit-le-rouge-gorge-de-noel\/#primaryimage"},"thumbnailUrl":"https:\/\/lefildemathilde.fr\/wp-content\/uploads\/2025\/12\/Le-Rouge-Gorge-de-Noel--e1764930904812.jpg","datePublished":"2025-12-05T10:09:23+00:00","dateModified":"2026-04-17T18:38:05+00:00","description":"Kit de broderie au point de Bayeux. Ce kit est tout à fait idéal pour découvrir le point de la Célèbre Tapisserie de Bayeux. A offrir en kit ou brodé...","breadcrumb":{"@id":"https:\/\/lefildemathilde.fr\/index.php\/produit\/kit-le-rouge-gorge-de-noel\/#breadcrumb"},"inLanguage":"fr-FR","potentialAction":[{"@type":"ReadAction","target":["https:\/\/lefildemathilde.fr\/index.php\/produit\/kit-le-rouge-gorge-de-noel\/"]}]},{"@type":"ImageObject","inLanguage":"fr-FR","@id":"https:\/\/lefildemathilde.fr\/index.php\/produit\/kit-le-rouge-gorge-de-noel\/#primaryimage","url":"https:\/\/lefildemathilde.fr\/wp-content\/uploads\/2025\/12\/Le-Rouge-Gorge-de-Noel--e1764930904812.jpg","contentUrl":"https:\/\/lefildemathilde.fr\/wp-content\/uploads\/2025\/12\/Le-Rouge-Gorge-de-Noel--e1764930904812.jpg","width":1100,"height":1108,"caption":"Kit de Broderie Le rouge-gorge de Noël"},{"@type":"BreadcrumbList","@id":"https:\/\/lefildemathilde.fr\/index.php\/produit\/kit-le-rouge-gorge-de-noel\/#breadcrumb","itemListElement":[{"@type":"ListItem","position":1,"name":"Accueil","item":"https:\/\/lefildemathilde.fr\/"},{"@type":"ListItem","position":2,"name":"Boutique Kits de broderie point de bayeux","item":"https:\/\/lefildemathilde.fr\/index.php\/boutique-kits-de-broderie-point-de-bayeux\/"},{"@type":"ListItem","position":3,"name":"Kit Le Rouge-Gorge de Noël"}]},{"@type":"WebSite","@id":"https:\/\/lefildemathilde.fr\/#website","url":"https:\/\/lefildemathilde.fr\/","name":"Le Fil de Mathilde","description":"Kits de broderie au Point de Bayeux","potentialAction":[{"@type":"SearchAction","target":{"@type":"EntryPoint","urlTemplate":"https:\/\/lefildemathilde.fr\/?s={search_term_string}"},"query-input":{"@type":"PropertyValueSpecification","valueRequired":true,"valueName":"search_term_string"}}],"inLanguage":"fr-FR"}]}</script>
<!-- / Yoast SEO plugin. -->

Kit Le Rouge-Gorge de Noël - Le Fil de Mathilde

Kit de broderie au point de Bayeux. Ce kit est tout à fait idéal pour découvrir le point de la Célèbre Tapisserie de Bayeux. A offrir en kit ou brodé...

Kit de Broderie Le rouge-gorge de Noël
