{"id":3694,"date":"2026-03-17T16:49:35","date_gmt":"2026-03-17T16:49:35","guid":{"rendered":"https:\/\/lefildemathilde.fr\/?post_type=product&#038;p=3694"},"modified":"2026-05-01T18:48:09","modified_gmt":"2026-05-01T18:48:09","slug":"magnet-saint-patrick","status":"publish","type":"product","link":"https:\/\/lefildemathilde.fr\/index.php\/produit\/magnet-saint-patrick\/","title":{"rendered":"Magnet Saint Patrick"},"content":{"rendered":"<p>Un air irlandais \u00e0 votre frigo.<\/p>\n<p>Magnet fabriqu\u00e9 et brod\u00e9 \u00e0 la main en Normandie.<\/p>\n<p>Point de Bayeux fils de laine sur toile de lin.<\/p>\n<p>Mod\u00e8le Unique<\/p>\n","protected":false},"excerpt":{"rendered":"<p>Un air irlandais \u00e0 votre frigo. Magnet fabriqu\u00e9 et brod\u00e9 \u00e0 la main en Normandie. Point de Bayeux fils de laine sur toile de lin. Mod\u00e8le Unique<\/p>\n","protected":false},"featured_media":3695,"comment_status":"open","ping_status":"closed","template":"","meta":{"_et_pb_use_builder":"","_et_pb_old_content":"","_et_gb_content_width":""},"product_brand":[],"product_cat":[390],"product_tag":[],"class_list":{"0":"post-3694","1":"product","2":"type-product","3":"status-publish","4":"has-post-thumbnail","6":"product_cat-broche-brodee","7":"product_shipping_class-poids-de-21-gr-a-50-gr","9":"first","10":"instock","11":"taxable","12":"shipping-taxable","13":"purchasable","14":"product-type-simple"},"yoast_head":"<!-- This site is optimized with the Yoast SEO plugin v27.5 - https:\/\/yoast.com\/product\/yoast-seo-wordpress\/ -->\n<title>Magnet Saint Patrick - Le Fil de Mathilde<\/title>\n<meta name=\"description\" content=\"Un air irlandais \u00e0 votre frigo.Magnet fabriqu\u00e9 et brod\u00e9 \u00e0 la main en Normandie.Point de Bayeux fils de laine sur toile de lin.Mod\u00e8le Unique\u00a0\" \/>\n<meta name=\"robots\" content=\"index, follow, max-snippet:-1, max-image-preview:large, max-video-preview:-1\" \/>\n<link rel=\"canonical\" href=\"https:\/\/lefildemathilde.fr\/index.php\/produit\/magnet-saint-patrick\/\" \/>\n<meta property=\"og:locale\" content=\"fr_FR\" \/>\n<meta property=\"og:type\" content=\"article\" \/>\n<meta property=\"og:title\" content=\"Magnet Saint Patrick - Le Fil de Mathilde\" \/>\n<meta property=\"og:description\" content=\"Un air irlandais \u00e0 votre frigo.Magnet fabriqu\u00e9 et brod\u00e9 \u00e0 la main en Normandie.Point de Bayeux fils de laine sur toile de lin.Mod\u00e8le Unique\u00a0\" \/>\n<meta property=\"og:url\" content=\"https:\/\/lefildemathilde.fr\/index.php\/produit\/magnet-saint-patrick\/\" \/>\n<meta property=\"og:site_name\" content=\"Le Fil de Mathilde\" \/>\n<meta property=\"article:modified_time\" content=\"2026-05-01T18:48:09+00:00\" \/>\n<meta property=\"og:image\" content=\"https:\/\/lefildemathilde.fr\/wp-content\/uploads\/2026\/03\/Magnet-Saint-Patrick.jpg\" \/>\n\t<meta property=\"og:image:width\" content=\"651\" \/>\n\t<meta property=\"og:image:height\" content=\"657\" \/>\n\t<meta property=\"og:image:type\" content=\"image\/jpeg\" \/>\n<meta name=\"twitter:card\" content=\"summary_large_image\" \/>\n<meta name=\"twitter:label1\" content=\"Dur\u00e9e de lecture estim\u00e9e\" \/>\n\t<meta name=\"twitter:data1\" content=\"1 minute\" \/>\n<script type=\"application\/ld+json\" class=\"yoast-schema-graph\">{\"@context\":\"https:\\\/\\\/schema.org\",\"@graph\":[{\"@type\":\"WebPage\",\"@id\":\"https:\\\/\\\/lefildemathilde.fr\\\/index.php\\\/produit\\\/magnet-saint-patrick\\\/\",\"url\":\"https:\\\/\\\/lefildemathilde.fr\\\/index.php\\\/produit\\\/magnet-saint-patrick\\\/\",\"name\":\"Magnet Saint Patrick - Le Fil de Mathilde\",\"isPartOf\":{\"@id\":\"https:\\\/\\\/lefildemathilde.fr\\\/#website\"},\"primaryImageOfPage\":{\"@id\":\"https:\\\/\\\/lefildemathilde.fr\\\/index.php\\\/produit\\\/magnet-saint-patrick\\\/#primaryimage\"},\"image\":{\"@id\":\"https:\\\/\\\/lefildemathilde.fr\\\/index.php\\\/produit\\\/magnet-saint-patrick\\\/#primaryimage\"},\"thumbnailUrl\":\"https:\\\/\\\/lefildemathilde.fr\\\/wp-content\\\/uploads\\\/2026\\\/03\\\/Magnet-Saint-Patrick.jpg\",\"datePublished\":\"2026-03-17T16:49:35+00:00\",\"dateModified\":\"2026-05-01T18:48:09+00:00\",\"description\":\"Un air irlandais \u00e0 votre frigo.Magnet fabriqu\u00e9 et brod\u00e9 \u00e0 la main en Normandie.Point de Bayeux fils de laine sur toile de lin.Mod\u00e8le Unique\u00a0\",\"breadcrumb\":{\"@id\":\"https:\\\/\\\/lefildemathilde.fr\\\/index.php\\\/produit\\\/magnet-saint-patrick\\\/#breadcrumb\"},\"inLanguage\":\"fr-FR\",\"potentialAction\":[{\"@type\":\"ReadAction\",\"target\":[\"https:\\\/\\\/lefildemathilde.fr\\\/index.php\\\/produit\\\/magnet-saint-patrick\\\/\"]}]},{\"@type\":\"ImageObject\",\"inLanguage\":\"fr-FR\",\"@id\":\"https:\\\/\\\/lefildemathilde.fr\\\/index.php\\\/produit\\\/magnet-saint-patrick\\\/#primaryimage\",\"url\":\"https:\\\/\\\/lefildemathilde.fr\\\/wp-content\\\/uploads\\\/2026\\\/03\\\/Magnet-Saint-Patrick.jpg\",\"contentUrl\":\"https:\\\/\\\/lefildemathilde.fr\\\/wp-content\\\/uploads\\\/2026\\\/03\\\/Magnet-Saint-Patrick.jpg\",\"width\":651,\"height\":657,\"caption\":\"Magnet Saint Patrick\"},{\"@type\":\"BreadcrumbList\",\"@id\":\"https:\\\/\\\/lefildemathilde.fr\\\/index.php\\\/produit\\\/magnet-saint-patrick\\\/#breadcrumb\",\"itemListElement\":[{\"@type\":\"ListItem\",\"position\":1,\"name\":\"Accueil\",\"item\":\"https:\\\/\\\/lefildemathilde.fr\\\/\"},{\"@type\":\"ListItem\",\"position\":2,\"name\":\"Boutique Kits de broderie point de bayeux\",\"item\":\"https:\\\/\\\/lefildemathilde.fr\\\/index.php\\\/boutique-kits-de-broderie-point-de-bayeux\\\/\"},{\"@type\":\"ListItem\",\"position\":3,\"name\":\"Magnet Saint Patrick\"}]},{\"@type\":\"WebSite\",\"@id\":\"https:\\\/\\\/lefildemathilde.fr\\\/#website\",\"url\":\"https:\\\/\\\/lefildemathilde.fr\\\/\",\"name\":\"Le Fil de Mathilde\",\"description\":\"Kits de broderie au Point de Bayeux\",\"potentialAction\":[{\"@type\":\"SearchAction\",\"target\":{\"@type\":\"EntryPoint\",\"urlTemplate\":\"https:\\\/\\\/lefildemathilde.fr\\\/?s={search_term_string}\"},\"query-input\":{\"@type\":\"PropertyValueSpecification\",\"valueRequired\":true,\"valueName\":\"search_term_string\"}}],\"inLanguage\":\"fr-FR\"}]}<\/script>\n<!-- \/ Yoast SEO plugin. -->","yoast_head_json":{"title":"Magnet Saint Patrick - Le Fil de Mathilde","description":"Un air irlandais \u00e0 votre frigo.Magnet fabriqu\u00e9 et brod\u00e9 \u00e0 la main en Normandie.Point de Bayeux fils de laine sur toile de lin.Mod\u00e8le Unique\u00a0","robots":{"index":"index","follow":"follow","max-snippet":"max-snippet:-1","max-image-preview":"max-image-preview:large","max-video-preview":"max-video-preview:-1"},"canonical":"https:\/\/lefildemathilde.fr\/index.php\/produit\/magnet-saint-patrick\/","og_locale":"fr_FR","og_type":"article","og_title":"Magnet Saint Patrick - Le Fil de Mathilde","og_description":"Un air irlandais \u00e0 votre frigo.Magnet fabriqu\u00e9 et brod\u00e9 \u00e0 la main en Normandie.Point de Bayeux fils de laine sur toile de lin.Mod\u00e8le Unique\u00a0","og_url":"https:\/\/lefildemathilde.fr\/index.php\/produit\/magnet-saint-patrick\/","og_site_name":"Le Fil de Mathilde","article_modified_time":"2026-05-01T18:48:09+00:00","og_image":[{"width":651,"height":657,"url":"https:\/\/lefildemathilde.fr\/wp-content\/uploads\/2026\/03\/Magnet-Saint-Patrick.jpg","type":"image\/jpeg"}],"twitter_card":"summary_large_image","twitter_misc":{"Dur\u00e9e de lecture estim\u00e9e":"1 minute"},"schema":{"@context":"https:\/\/schema.org","@graph":[{"@type":"WebPage","@id":"https:\/\/lefildemathilde.fr\/index.php\/produit\/magnet-saint-patrick\/","url":"https:\/\/lefildemathilde.fr\/index.php\/produit\/magnet-saint-patrick\/","name":"Magnet Saint Patrick - Le Fil de Mathilde","isPartOf":{"@id":"https:\/\/lefildemathilde.fr\/#website"},"primaryImageOfPage":{"@id":"https:\/\/lefildemathilde.fr\/index.php\/produit\/magnet-saint-patrick\/#primaryimage"},"image":{"@id":"https:\/\/lefildemathilde.fr\/index.php\/produit\/magnet-saint-patrick\/#primaryimage"},"thumbnailUrl":"https:\/\/lefildemathilde.fr\/wp-content\/uploads\/2026\/03\/Magnet-Saint-Patrick.jpg","datePublished":"2026-03-17T16:49:35+00:00","dateModified":"2026-05-01T18:48:09+00:00","description":"Un air irlandais \u00e0 votre frigo.Magnet fabriqu\u00e9 et brod\u00e9 \u00e0 la main en Normandie.Point de Bayeux fils de laine sur toile de lin.Mod\u00e8le Unique\u00a0","breadcrumb":{"@id":"https:\/\/lefildemathilde.fr\/index.php\/produit\/magnet-saint-patrick\/#breadcrumb"},"inLanguage":"fr-FR","potentialAction":[{"@type":"ReadAction","target":["https:\/\/lefildemathilde.fr\/index.php\/produit\/magnet-saint-patrick\/"]}]},{"@type":"ImageObject","inLanguage":"fr-FR","@id":"https:\/\/lefildemathilde.fr\/index.php\/produit\/magnet-saint-patrick\/#primaryimage","url":"https:\/\/lefildemathilde.fr\/wp-content\/uploads\/2026\/03\/Magnet-Saint-Patrick.jpg","contentUrl":"https:\/\/lefildemathilde.fr\/wp-content\/uploads\/2026\/03\/Magnet-Saint-Patrick.jpg","width":651,"height":657,"caption":"Magnet Saint Patrick"},{"@type":"BreadcrumbList","@id":"https:\/\/lefildemathilde.fr\/index.php\/produit\/magnet-saint-patrick\/#breadcrumb","itemListElement":[{"@type":"ListItem","position":1,"name":"Accueil","item":"https:\/\/lefildemathilde.fr\/"},{"@type":"ListItem","position":2,"name":"Boutique Kits de broderie point de bayeux","item":"https:\/\/lefildemathilde.fr\/index.php\/boutique-kits-de-broderie-point-de-bayeux\/"},{"@type":"ListItem","position":3,"name":"Magnet Saint Patrick"}]},{"@type":"WebSite","@id":"https:\/\/lefildemathilde.fr\/#website","url":"https:\/\/lefildemathilde.fr\/","name":"Le Fil de Mathilde","description":"Kits de broderie au Point de Bayeux","potentialAction":[{"@type":"SearchAction","target":{"@type":"EntryPoint","urlTemplate":"https:\/\/lefildemathilde.fr\/?s={search_term_string}"},"query-input":{"@type":"PropertyValueSpecification","valueRequired":true,"valueName":"search_term_string"}}],"inLanguage":"fr-FR"}]}},"jetpack_sharing_enabled":true,"_links":{"self":[{"href":"https:\/\/lefildemathilde.fr\/index.php\/wp-json\/wp\/v2\/product\/3694","targetHints":{"allow":["GET"]}}],"collection":[{"href":"https:\/\/lefildemathilde.fr\/index.php\/wp-json\/wp\/v2\/product"}],"about":[{"href":"https:\/\/lefildemathilde.fr\/index.php\/wp-json\/wp\/v2\/types\/product"}],"replies":[{"embeddable":true,"href":"https:\/\/lefildemathilde.fr\/index.php\/wp-json\/wp\/v2\/comments?post=3694"}],"wp:featuredmedia":[{"embeddable":true,"href":"https:\/\/lefildemathilde.fr\/index.php\/wp-json\/wp\/v2\/media\/3695"}],"wp:attachment":[{"href":"https:\/\/lefildemathilde.fr\/index.php\/wp-json\/wp\/v2\/media?parent=3694"}],"wp:term":[{"taxonomy":"product_brand","embeddable":true,"href":"https:\/\/lefildemathilde.fr\/index.php\/wp-json\/wp\/v2\/product_brand?post=3694"},{"taxonomy":"product_cat","embeddable":true,"href":"https:\/\/lefildemathilde.fr\/index.php\/wp-json\/wp\/v2\/product_cat?post=3694"},{"taxonomy":"product_tag","embeddable":true,"href":"https:\/\/lefildemathilde.fr\/index.php\/wp-json\/wp\/v2\/product_tag?post=3694"}],"curies":[{"name":"wp","href":"https:\/\/api.w.org\/{rel}","templated":true}]}}

<p>Un air irlandais à votre frigo.</p>
<p>Magnet fabriqué et brodé à la main en Normandie.</p>
<p>Point de Bayeux fils de laine sur toile de lin.</p>
<p>Modèle Unique</p>

<p>Un air irlandais à votre frigo. Magnet fabriqué et brodé à la main en Normandie. Point de Bayeux fils de laine sur toile de lin. Modèle Unique</p>

<!-- This site is optimized with the Yoast SEO plugin v27.5 - https://yoast.com/product/yoast-seo-wordpress/ -->
<title>Magnet Saint Patrick - Le Fil de Mathilde</title>
<meta name="description" content="Un air irlandais à votre frigo.Magnet fabriqué et brodé à la main en Normandie.Point de Bayeux fils de laine sur toile de lin.Modèle Unique " />
<meta name="robots" content="index, follow, max-snippet:-1, max-image-preview:large, max-video-preview:-1" />
<link rel="canonical" href="https://lefildemathilde.fr/index.php/produit/magnet-saint-patrick/" />
<meta property="og:locale" content="fr_FR" />
<meta property="og:type" content="article" />
<meta property="og:title" content="Magnet Saint Patrick - Le Fil de Mathilde" />
<meta property="og:description" content="Un air irlandais à votre frigo.Magnet fabriqué et brodé à la main en Normandie.Point de Bayeux fils de laine sur toile de lin.Modèle Unique " />
<meta property="og:url" content="https://lefildemathilde.fr/index.php/produit/magnet-saint-patrick/" />
<meta property="og:site_name" content="Le Fil de Mathilde" />
<meta property="article:modified_time" content="2026-05-01T18:48:09+00:00" />
<meta property="og:image" content="https://lefildemathilde.fr/wp-content/uploads/2026/03/Magnet-Saint-Patrick.jpg" />
	<meta property="og:image:width" content="651" />
	<meta property="og:image:height" content="657" />
	<meta property="og:image:type" content="image/jpeg" />
<meta name="twitter:card" content="summary_large_image" />
<meta name="twitter:label1" content="Durée de lecture estimée" />
	<meta name="twitter:data1" content="1 minute" />
<script type="application/ld+json" class="yoast-schema-graph">{"@context":"https:\/\/schema.org","@graph":[{"@type":"WebPage","@id":"https:\/\/lefildemathilde.fr\/index.php\/produit\/magnet-saint-patrick\/","url":"https:\/\/lefildemathilde.fr\/index.php\/produit\/magnet-saint-patrick\/","name":"Magnet Saint Patrick - Le Fil de Mathilde","isPartOf":{"@id":"https:\/\/lefildemathilde.fr\/#website"},"primaryImageOfPage":{"@id":"https:\/\/lefildemathilde.fr\/index.php\/produit\/magnet-saint-patrick\/#primaryimage"},"image":{"@id":"https:\/\/lefildemathilde.fr\/index.php\/produit\/magnet-saint-patrick\/#primaryimage"},"thumbnailUrl":"https:\/\/lefildemathilde.fr\/wp-content\/uploads\/2026\/03\/Magnet-Saint-Patrick.jpg","datePublished":"2026-03-17T16:49:35+00:00","dateModified":"2026-05-01T18:48:09+00:00","description":"Un air irlandais à votre frigo.Magnet fabriqué et brodé à la main en Normandie.Point de Bayeux fils de laine sur toile de lin.Modèle Unique ","breadcrumb":{"@id":"https:\/\/lefildemathilde.fr\/index.php\/produit\/magnet-saint-patrick\/#breadcrumb"},"inLanguage":"fr-FR","potentialAction":[{"@type":"ReadAction","target":["https:\/\/lefildemathilde.fr\/index.php\/produit\/magnet-saint-patrick\/"]}]},{"@type":"ImageObject","inLanguage":"fr-FR","@id":"https:\/\/lefildemathilde.fr\/index.php\/produit\/magnet-saint-patrick\/#primaryimage","url":"https:\/\/lefildemathilde.fr\/wp-content\/uploads\/2026\/03\/Magnet-Saint-Patrick.jpg","contentUrl":"https:\/\/lefildemathilde.fr\/wp-content\/uploads\/2026\/03\/Magnet-Saint-Patrick.jpg","width":651,"height":657,"caption":"Magnet Saint Patrick"},{"@type":"BreadcrumbList","@id":"https:\/\/lefildemathilde.fr\/index.php\/produit\/magnet-saint-patrick\/#breadcrumb","itemListElement":[{"@type":"ListItem","position":1,"name":"Accueil","item":"https:\/\/lefildemathilde.fr\/"},{"@type":"ListItem","position":2,"name":"Boutique Kits de broderie point de bayeux","item":"https:\/\/lefildemathilde.fr\/index.php\/boutique-kits-de-broderie-point-de-bayeux\/"},{"@type":"ListItem","position":3,"name":"Magnet Saint Patrick"}]},{"@type":"WebSite","@id":"https:\/\/lefildemathilde.fr\/#website","url":"https:\/\/lefildemathilde.fr\/","name":"Le Fil de Mathilde","description":"Kits de broderie au Point de Bayeux","potentialAction":[{"@type":"SearchAction","target":{"@type":"EntryPoint","urlTemplate":"https:\/\/lefildemathilde.fr\/?s={search_term_string}"},"query-input":{"@type":"PropertyValueSpecification","valueRequired":true,"valueName":"search_term_string"}}],"inLanguage":"fr-FR"}]}</script>
<!-- / Yoast SEO plugin. -->

Un air irlandais à votre frigo.Magnet fabriqué et brodé à la main en Normandie.Point de Bayeux fils de laine sur toile de lin.Modèle Unique
