{"id":3550,"date":"2026-01-16T17:22:26","date_gmt":"2026-01-16T17:22:26","guid":{"rendered":"https:\/\/lefildemathilde.fr\/?post_type=tribe_events&#038;p=3550"},"modified":"2026-01-16T17:22:26","modified_gmt":"2026-01-16T17:22:26","slug":"fete-de-la-normandie","status":"publish","type":"tribe_events","link":"https:\/\/lefildemathilde.fr\/index.php\/event\/fete-de-la-normandie\/","title":{"rendered":"F\u00eate de la Normandie"},"content":{"rendered":"<p>La f\u00eate de la Normandie sera de retour pour la 1\ufe0f\u20e32\ufe0f\u20e3 \u00e8me \u00e9dition ! \ud83e\udd17<br class=\"html-br\" \/>Rendez-vous le samedi 7 mars et dimanche 8 mars 2026 au hall des expositions d\u2019Argentan ! Notez-le d\u00e8s \u00e0 present dans votre agenda. \ud83d\udcc5<br class=\"html-br\" \/>Entr\u00e9e gratuite \ud83c\udf9f\ufe0f<\/p>\n","protected":false},"excerpt":{"rendered":"<p>La f\u00eate de la Normandie sera de retour pour la 1\ufe0f\u20e32\ufe0f\u20e3 \u00e8me \u00e9dition ! \ud83e\udd17Rendez-vous le samedi 7 mars et dimanche 8 mars 2026 au hall des expositions d\u2019Argentan ! [&hellip;]<\/p>\n","protected":false},"author":2,"featured_media":3554,"template":"","meta":{"_et_pb_use_builder":"","_et_pb_old_content":"","_et_gb_content_width":"","_tribe_events_status":"","_tribe_events_status_reason":"","footnotes":""},"tags":[],"tribe_events_cat":[375],"class_list":["post-3550","tribe_events","type-tribe_events","status-publish","has-post-thumbnail","hentry","tribe_events_cat-salon","cat_salon"],"yoast_head":"<!-- This site is optimized with the Yoast SEO plugin v27.4 - https:\/\/yoast.com\/product\/yoast-seo-wordpress\/ -->\n<title>F\u00eate de la Normandie - Le Fil de Mathilde<\/title>\n<meta name=\"description\" content=\"La f\u00eate de la Normandie sera de retour pour la 12 \u00e8me \u00e9dition ! Rendez-vous le samedi 7 mars et dimanche 8 mars 2026 au hall des expositions d\u2019Argentan ! Notez-le d\u00e8s \u00e0 present dans votre agenda. Entr\u00e9e gratuite \ud83c\udf9f\ufe0f\" \/>\n<meta name=\"robots\" content=\"index, follow, max-snippet:-1, max-image-preview:large, max-video-preview:-1\" \/>\n<link rel=\"canonical\" href=\"https:\/\/lefildemathilde.fr\/index.php\/event\/fete-de-la-normandie\/\" \/>\n<meta property=\"og:locale\" content=\"fr_FR\" \/>\n<meta property=\"og:type\" content=\"article\" \/>\n<meta property=\"og:title\" content=\"F\u00eate de la Normandie - Le Fil de Mathilde\" \/>\n<meta property=\"og:description\" content=\"La f\u00eate de la Normandie sera de retour pour la 12 \u00e8me \u00e9dition ! Rendez-vous le samedi 7 mars et dimanche 8 mars 2026 au hall des expositions d\u2019Argentan ! Notez-le d\u00e8s \u00e0 present dans votre agenda. Entr\u00e9e gratuite \ud83c\udf9f\ufe0f\" \/>\n<meta property=\"og:url\" content=\"https:\/\/lefildemathilde.fr\/index.php\/event\/fete-de-la-normandie\/\" \/>\n<meta property=\"og:site_name\" content=\"Le Fil de Mathilde\" \/>\n<meta property=\"og:image\" content=\"https:\/\/lefildemathilde.fr\/wp-content\/uploads\/2026\/01\/477023794_932730742367004_3756265187589707655_n.jpg\" \/>\n\t<meta property=\"og:image:width\" content=\"960\" \/>\n\t<meta property=\"og:image:height\" content=\"960\" \/>\n\t<meta property=\"og:image:type\" content=\"image\/jpeg\" \/>\n<meta name=\"twitter:card\" content=\"summary_large_image\" \/>\n<meta name=\"twitter:label1\" content=\"Dur\u00e9e de lecture estim\u00e9e\" \/>\n\t<meta name=\"twitter:data1\" content=\"1 minute\" \/>\n<script type=\"application\/ld+json\" class=\"yoast-schema-graph\">{\"@context\":\"https:\\\/\\\/schema.org\",\"@graph\":[{\"@type\":\"WebPage\",\"@id\":\"https:\\\/\\\/lefildemathilde.fr\\\/index.php\\\/event\\\/fete-de-la-normandie\\\/\",\"url\":\"https:\\\/\\\/lefildemathilde.fr\\\/index.php\\\/event\\\/fete-de-la-normandie\\\/\",\"name\":\"F\u00eate de la Normandie - Le Fil de Mathilde\",\"isPartOf\":{\"@id\":\"https:\\\/\\\/lefildemathilde.fr\\\/#website\"},\"primaryImageOfPage\":{\"@id\":\"https:\\\/\\\/lefildemathilde.fr\\\/index.php\\\/event\\\/fete-de-la-normandie\\\/#primaryimage\"},\"image\":{\"@id\":\"https:\\\/\\\/lefildemathilde.fr\\\/index.php\\\/event\\\/fete-de-la-normandie\\\/#primaryimage\"},\"thumbnailUrl\":\"https:\\\/\\\/lefildemathilde.fr\\\/wp-content\\\/uploads\\\/2026\\\/01\\\/477023794_932730742367004_3756265187589707655_n.jpg\",\"datePublished\":\"2026-01-16T17:22:26+00:00\",\"description\":\"La f\u00eate de la Normandie sera de retour pour la 12 \u00e8me \u00e9dition ! Rendez-vous le samedi 7 mars et dimanche 8 mars 2026 au hall des expositions d\u2019Argentan ! Notez-le d\u00e8s \u00e0 present dans votre agenda. Entr\u00e9e gratuite \ud83c\udf9f\ufe0f\",\"breadcrumb\":{\"@id\":\"https:\\\/\\\/lefildemathilde.fr\\\/index.php\\\/event\\\/fete-de-la-normandie\\\/#breadcrumb\"},\"inLanguage\":\"fr-FR\",\"potentialAction\":[{\"@type\":\"ReadAction\",\"target\":[\"https:\\\/\\\/lefildemathilde.fr\\\/index.php\\\/event\\\/fete-de-la-normandie\\\/\"]}]},{\"@type\":\"ImageObject\",\"inLanguage\":\"fr-FR\",\"@id\":\"https:\\\/\\\/lefildemathilde.fr\\\/index.php\\\/event\\\/fete-de-la-normandie\\\/#primaryimage\",\"url\":\"https:\\\/\\\/lefildemathilde.fr\\\/wp-content\\\/uploads\\\/2026\\\/01\\\/477023794_932730742367004_3756265187589707655_n.jpg\",\"contentUrl\":\"https:\\\/\\\/lefildemathilde.fr\\\/wp-content\\\/uploads\\\/2026\\\/01\\\/477023794_932730742367004_3756265187589707655_n.jpg\",\"width\":960,\"height\":960,\"caption\":\"Fete de la Normandie\"},{\"@type\":\"BreadcrumbList\",\"@id\":\"https:\\\/\\\/lefildemathilde.fr\\\/index.php\\\/event\\\/fete-de-la-normandie\\\/#breadcrumb\",\"itemListElement\":[{\"@type\":\"ListItem\",\"position\":1,\"name\":\"Accueil\",\"item\":\"https:\\\/\\\/lefildemathilde.fr\\\/\"},{\"@type\":\"ListItem\",\"position\":2,\"name\":\"\u00c9v\u00e8nements\",\"item\":\"https:\\\/\\\/lefildemathilde.fr\\\/index.php\\\/events\\\/\"},{\"@type\":\"ListItem\",\"position\":3,\"name\":\"F\u00eate de la Normandie\"}]},{\"@type\":\"WebSite\",\"@id\":\"https:\\\/\\\/lefildemathilde.fr\\\/#website\",\"url\":\"https:\\\/\\\/lefildemathilde.fr\\\/\",\"name\":\"Le Fil de Mathilde\",\"description\":\"Kits de broderie au Point de Bayeux\",\"potentialAction\":[{\"@type\":\"SearchAction\",\"target\":{\"@type\":\"EntryPoint\",\"urlTemplate\":\"https:\\\/\\\/lefildemathilde.fr\\\/?s={search_term_string}\"},\"query-input\":{\"@type\":\"PropertyValueSpecification\",\"valueRequired\":true,\"valueName\":\"search_term_string\"}}],\"inLanguage\":\"fr-FR\"}]}<\/script>\n<!-- \/ Yoast SEO plugin. -->","yoast_head_json":{"title":"F\u00eate de la Normandie - Le Fil de Mathilde","description":"La f\u00eate de la Normandie sera de retour pour la 12 \u00e8me \u00e9dition ! Rendez-vous le samedi 7 mars et dimanche 8 mars 2026 au hall des expositions d\u2019Argentan ! Notez-le d\u00e8s \u00e0 present dans votre agenda. Entr\u00e9e gratuite \ud83c\udf9f\ufe0f","robots":{"index":"index","follow":"follow","max-snippet":"max-snippet:-1","max-image-preview":"max-image-preview:large","max-video-preview":"max-video-preview:-1"},"canonical":"https:\/\/lefildemathilde.fr\/index.php\/event\/fete-de-la-normandie\/","og_locale":"fr_FR","og_type":"article","og_title":"F\u00eate de la Normandie - Le Fil de Mathilde","og_description":"La f\u00eate de la Normandie sera de retour pour la 12 \u00e8me \u00e9dition ! Rendez-vous le samedi 7 mars et dimanche 8 mars 2026 au hall des expositions d\u2019Argentan ! Notez-le d\u00e8s \u00e0 present dans votre agenda. Entr\u00e9e gratuite \ud83c\udf9f\ufe0f","og_url":"https:\/\/lefildemathilde.fr\/index.php\/event\/fete-de-la-normandie\/","og_site_name":"Le Fil de Mathilde","og_image":[{"width":960,"height":960,"url":"https:\/\/lefildemathilde.fr\/wp-content\/uploads\/2026\/01\/477023794_932730742367004_3756265187589707655_n.jpg","type":"image\/jpeg"}],"twitter_card":"summary_large_image","twitter_misc":{"Dur\u00e9e de lecture estim\u00e9e":"1 minute"},"schema":{"@context":"https:\/\/schema.org","@graph":[{"@type":"WebPage","@id":"https:\/\/lefildemathilde.fr\/index.php\/event\/fete-de-la-normandie\/","url":"https:\/\/lefildemathilde.fr\/index.php\/event\/fete-de-la-normandie\/","name":"F\u00eate de la Normandie - Le Fil de Mathilde","isPartOf":{"@id":"https:\/\/lefildemathilde.fr\/#website"},"primaryImageOfPage":{"@id":"https:\/\/lefildemathilde.fr\/index.php\/event\/fete-de-la-normandie\/#primaryimage"},"image":{"@id":"https:\/\/lefildemathilde.fr\/index.php\/event\/fete-de-la-normandie\/#primaryimage"},"thumbnailUrl":"https:\/\/lefildemathilde.fr\/wp-content\/uploads\/2026\/01\/477023794_932730742367004_3756265187589707655_n.jpg","datePublished":"2026-01-16T17:22:26+00:00","description":"La f\u00eate de la Normandie sera de retour pour la 12 \u00e8me \u00e9dition ! Rendez-vous le samedi 7 mars et dimanche 8 mars 2026 au hall des expositions d\u2019Argentan ! Notez-le d\u00e8s \u00e0 present dans votre agenda. Entr\u00e9e gratuite \ud83c\udf9f\ufe0f","breadcrumb":{"@id":"https:\/\/lefildemathilde.fr\/index.php\/event\/fete-de-la-normandie\/#breadcrumb"},"inLanguage":"fr-FR","potentialAction":[{"@type":"ReadAction","target":["https:\/\/lefildemathilde.fr\/index.php\/event\/fete-de-la-normandie\/"]}]},{"@type":"ImageObject","inLanguage":"fr-FR","@id":"https:\/\/lefildemathilde.fr\/index.php\/event\/fete-de-la-normandie\/#primaryimage","url":"https:\/\/lefildemathilde.fr\/wp-content\/uploads\/2026\/01\/477023794_932730742367004_3756265187589707655_n.jpg","contentUrl":"https:\/\/lefildemathilde.fr\/wp-content\/uploads\/2026\/01\/477023794_932730742367004_3756265187589707655_n.jpg","width":960,"height":960,"caption":"Fete de la Normandie"},{"@type":"BreadcrumbList","@id":"https:\/\/lefildemathilde.fr\/index.php\/event\/fete-de-la-normandie\/#breadcrumb","itemListElement":[{"@type":"ListItem","position":1,"name":"Accueil","item":"https:\/\/lefildemathilde.fr\/"},{"@type":"ListItem","position":2,"name":"\u00c9v\u00e8nements","item":"https:\/\/lefildemathilde.fr\/index.php\/events\/"},{"@type":"ListItem","position":3,"name":"F\u00eate de la Normandie"}]},{"@type":"WebSite","@id":"https:\/\/lefildemathilde.fr\/#website","url":"https:\/\/lefildemathilde.fr\/","name":"Le Fil de Mathilde","description":"Kits de broderie au Point de Bayeux","potentialAction":[{"@type":"SearchAction","target":{"@type":"EntryPoint","urlTemplate":"https:\/\/lefildemathilde.fr\/?s={search_term_string}"},"query-input":{"@type":"PropertyValueSpecification","valueRequired":true,"valueName":"search_term_string"}}],"inLanguage":"fr-FR"}]}},"jetpack_sharing_enabled":true,"_links":{"self":[{"href":"https:\/\/lefildemathilde.fr\/index.php\/wp-json\/wp\/v2\/tribe_events\/3550","targetHints":{"allow":["GET"]}}],"collection":[{"href":"https:\/\/lefildemathilde.fr\/index.php\/wp-json\/wp\/v2\/tribe_events"}],"about":[{"href":"https:\/\/lefildemathilde.fr\/index.php\/wp-json\/wp\/v2\/types\/tribe_events"}],"author":[{"embeddable":true,"href":"https:\/\/lefildemathilde.fr\/index.php\/wp-json\/wp\/v2\/users\/2"}],"version-history":[{"count":2,"href":"https:\/\/lefildemathilde.fr\/index.php\/wp-json\/wp\/v2\/tribe_events\/3550\/revisions"}],"predecessor-version":[{"id":3553,"href":"https:\/\/lefildemathilde.fr\/index.php\/wp-json\/wp\/v2\/tribe_events\/3550\/revisions\/3553"}],"wp:featuredmedia":[{"embeddable":true,"href":"https:\/\/lefildemathilde.fr\/index.php\/wp-json\/wp\/v2\/media\/3554"}],"wp:attachment":[{"href":"https:\/\/lefildemathilde.fr\/index.php\/wp-json\/wp\/v2\/media?parent=3550"}],"wp:term":[{"taxonomy":"post_tag","embeddable":true,"href":"https:\/\/lefildemathilde.fr\/index.php\/wp-json\/wp\/v2\/tags?post=3550"},{"taxonomy":"tribe_events_cat","embeddable":true,"href":"https:\/\/lefildemathilde.fr\/index.php\/wp-json\/wp\/v2\/tribe_events_cat?post=3550"}],"curies":[{"name":"wp","href":"https:\/\/api.w.org\/{rel}","templated":true}]}}

Fête de la Normandie

<p>La fête de la Normandie sera de retour pour la 1️⃣2️⃣ ème édition ! 🤗<br class="html-br" />Rendez-vous le samedi 7 mars et dimanche 8 mars 2026 au hall des expositions d’Argentan ! Notez-le dès à present dans votre agenda. 📅<br class="html-br" />Entrée gratuite 🎟️</p>

<p>La fête de la Normandie sera de retour pour la 1️⃣2️⃣ ème édition ! 🤗Rendez-vous le samedi 7 mars et dimanche 8 mars 2026 au hall des expositions d’Argentan ! [&hellip;]</p>

<!-- This site is optimized with the Yoast SEO plugin v27.4 - https://yoast.com/product/yoast-seo-wordpress/ -->
<title>Fête de la Normandie - Le Fil de Mathilde</title>
<meta name="description" content="La fête de la Normandie sera de retour pour la 12 ème édition ! Rendez-vous le samedi 7 mars et dimanche 8 mars 2026 au hall des expositions d’Argentan ! Notez-le dès à present dans votre agenda. Entrée gratuite 🎟️" />
<meta name="robots" content="index, follow, max-snippet:-1, max-image-preview:large, max-video-preview:-1" />
<link rel="canonical" href="https://lefildemathilde.fr/index.php/event/fete-de-la-normandie/" />
<meta property="og:locale" content="fr_FR" />
<meta property="og:type" content="article" />
<meta property="og:title" content="Fête de la Normandie - Le Fil de Mathilde" />
<meta property="og:description" content="La fête de la Normandie sera de retour pour la 12 ème édition ! Rendez-vous le samedi 7 mars et dimanche 8 mars 2026 au hall des expositions d’Argentan ! Notez-le dès à present dans votre agenda. Entrée gratuite 🎟️" />
<meta property="og:url" content="https://lefildemathilde.fr/index.php/event/fete-de-la-normandie/" />
<meta property="og:site_name" content="Le Fil de Mathilde" />
<meta property="og:image" content="https://lefildemathilde.fr/wp-content/uploads/2026/01/477023794_932730742367004_3756265187589707655_n.jpg" />
	<meta property="og:image:width" content="960" />
	<meta property="og:image:height" content="960" />
	<meta property="og:image:type" content="image/jpeg" />
<meta name="twitter:card" content="summary_large_image" />
<meta name="twitter:label1" content="Durée de lecture estimée" />
	<meta name="twitter:data1" content="1 minute" />
<script type="application/ld+json" class="yoast-schema-graph">{"@context":"https:\/\/schema.org","@graph":[{"@type":"WebPage","@id":"https:\/\/lefildemathilde.fr\/index.php\/event\/fete-de-la-normandie\/","url":"https:\/\/lefildemathilde.fr\/index.php\/event\/fete-de-la-normandie\/","name":"Fête de la Normandie - Le Fil de Mathilde","isPartOf":{"@id":"https:\/\/lefildemathilde.fr\/#website"},"primaryImageOfPage":{"@id":"https:\/\/lefildemathilde.fr\/index.php\/event\/fete-de-la-normandie\/#primaryimage"},"image":{"@id":"https:\/\/lefildemathilde.fr\/index.php\/event\/fete-de-la-normandie\/#primaryimage"},"thumbnailUrl":"https:\/\/lefildemathilde.fr\/wp-content\/uploads\/2026\/01\/477023794_932730742367004_3756265187589707655_n.jpg","datePublished":"2026-01-16T17:22:26+00:00","description":"La fête de la Normandie sera de retour pour la 12 ème édition ! Rendez-vous le samedi 7 mars et dimanche 8 mars 2026 au hall des expositions d’Argentan ! Notez-le dès à present dans votre agenda. Entrée gratuite 🎟️","breadcrumb":{"@id":"https:\/\/lefildemathilde.fr\/index.php\/event\/fete-de-la-normandie\/#breadcrumb"},"inLanguage":"fr-FR","potentialAction":[{"@type":"ReadAction","target":["https:\/\/lefildemathilde.fr\/index.php\/event\/fete-de-la-normandie\/"]}]},{"@type":"ImageObject","inLanguage":"fr-FR","@id":"https:\/\/lefildemathilde.fr\/index.php\/event\/fete-de-la-normandie\/#primaryimage","url":"https:\/\/lefildemathilde.fr\/wp-content\/uploads\/2026\/01\/477023794_932730742367004_3756265187589707655_n.jpg","contentUrl":"https:\/\/lefildemathilde.fr\/wp-content\/uploads\/2026\/01\/477023794_932730742367004_3756265187589707655_n.jpg","width":960,"height":960,"caption":"Fete de la Normandie"},{"@type":"BreadcrumbList","@id":"https:\/\/lefildemathilde.fr\/index.php\/event\/fete-de-la-normandie\/#breadcrumb","itemListElement":[{"@type":"ListItem","position":1,"name":"Accueil","item":"https:\/\/lefildemathilde.fr\/"},{"@type":"ListItem","position":2,"name":"Évènements","item":"https:\/\/lefildemathilde.fr\/index.php\/events\/"},{"@type":"ListItem","position":3,"name":"Fête de la Normandie"}]},{"@type":"WebSite","@id":"https:\/\/lefildemathilde.fr\/#website","url":"https:\/\/lefildemathilde.fr\/","name":"Le Fil de Mathilde","description":"Kits de broderie au Point de Bayeux","potentialAction":[{"@type":"SearchAction","target":{"@type":"EntryPoint","urlTemplate":"https:\/\/lefildemathilde.fr\/?s={search_term_string}"},"query-input":{"@type":"PropertyValueSpecification","valueRequired":true,"valueName":"search_term_string"}}],"inLanguage":"fr-FR"}]}</script>
<!-- / Yoast SEO plugin. -->

Fête de la Normandie - Le Fil de Mathilde

La fête de la Normandie sera de retour pour la 12 ème édition ! Rendez-vous le samedi 7 mars et dimanche 8 mars 2026 au hall des expositions d’Argentan ! Notez-le dès à present dans votre agenda. Entrée gratuite 🎟️

Évènements
