{"id":3562,"date":"2026-02-25T17:51:31","date_gmt":"2026-02-25T17:51:31","guid":{"rendered":"https:\/\/lefildemathilde.fr\/?post_type=tribe_events&#038;p=3562"},"modified":"2026-03-13T16:24:01","modified_gmt":"2026-03-13T16:24:01","slug":"la-fete-des-rameaux","status":"publish","type":"tribe_events","link":"https:\/\/lefildemathilde.fr\/index.php\/event\/la-fete-des-rameaux\/","title":{"rendered":"La F\u00eate des Rameaux"},"content":{"rendered":"<ul class=\"list-group stripes-odd\">\n<li class=\"list-group-item\">\n<p class=\"slogan-description _plu-emphasis--high \">Domfront en f\u00eate pour la Foire des Rameaux : march\u00e9, musique et Moyen \u00c2ge<\/p>\n<\/li>\n<li class=\"list-group-item\">\n<div class=\"establishment-description\">\n<p>Traditionnelle Foire des Rameaux domfrontaises :<\/p>\n<p>&#8211; Plus de 80 exposants producteurs et artisans<br \/>\n&#8211; Animations<br \/>\n&#8211; F\u00eate foraine<br \/>\n&#8211; Pr\u00e9sence de l&rsquo;association PVMD : exposition des m\u00e9tiers d&rsquo;artisanat du 11e si\u00e8cle, atmosph\u00e8re de village m\u00e9di\u00e9val.<\/p>\n<\/div>\n<p>https:\/\/www.facebook.com\/groups\/475506725464657\/permalink\/912108875137771\/<\/li>\n<\/ul>\n","protected":false},"excerpt":{"rendered":"<p>Domfront en f\u00eate pour la Foire des Rameaux : march\u00e9, musique et Moyen \u00c2ge Traditionnelle Foire des Rameaux domfrontaises : &#8211; Plus de 80 exposants producteurs et artisans &#8211; Animations [&hellip;]<\/p>\n","protected":false},"author":2,"featured_media":3648,"template":"","meta":{"_et_pb_use_builder":"","_et_pb_old_content":"","_et_gb_content_width":"","_tribe_events_status":"","_tribe_events_status_reason":"","footnotes":""},"tags":[],"tribe_events_cat":[376,403],"class_list":["post-3562","tribe_events","type-tribe_events","status-publish","has-post-thumbnail","hentry","tribe_events_cat-fete-medievale","tribe_events_cat-marche-artisanal","cat_fete-medievale","cat_marche-artisanal"],"yoast_head":"<!-- This site is optimized with the Yoast SEO plugin v27.4 - https:\/\/yoast.com\/product\/yoast-seo-wordpress\/ -->\n<title>La F\u00eate des Rameaux - Le Fil de Mathilde<\/title>\n<meta name=\"description\" content=\"Domfront en Poiraie en f\u00eate pour la Foire des Rameaux : march\u00e9, musique et Moyen \u00c2ge, artisanat\" \/>\n<meta name=\"robots\" content=\"index, follow, max-snippet:-1, max-image-preview:large, max-video-preview:-1\" \/>\n<link rel=\"canonical\" href=\"https:\/\/lefildemathilde.fr\/index.php\/event\/la-fete-des-rameaux\/\" \/>\n<meta property=\"og:locale\" content=\"fr_FR\" \/>\n<meta property=\"og:type\" content=\"article\" \/>\n<meta property=\"og:title\" content=\"La F\u00eate des Rameaux - Le Fil de Mathilde\" \/>\n<meta property=\"og:description\" content=\"Domfront en Poiraie en f\u00eate pour la Foire des Rameaux : march\u00e9, musique et Moyen \u00c2ge, artisanat\" \/>\n<meta property=\"og:url\" content=\"https:\/\/lefildemathilde.fr\/index.php\/event\/la-fete-des-rameaux\/\" \/>\n<meta property=\"og:site_name\" content=\"Le Fil de Mathilde\" \/>\n<meta property=\"article:modified_time\" content=\"2026-03-13T16:24:01+00:00\" \/>\n<meta property=\"og:image\" content=\"https:\/\/lefildemathilde.fr\/wp-content\/uploads\/2026\/02\/Visuel-Foire-des-rameaux.jpg\" \/>\n\t<meta property=\"og:image:width\" content=\"818\" \/>\n\t<meta property=\"og:image:height\" content=\"1158\" \/>\n\t<meta property=\"og:image:type\" content=\"image\/jpeg\" \/>\n<meta name=\"twitter:card\" content=\"summary_large_image\" \/>\n<meta name=\"twitter:label1\" content=\"Dur\u00e9e de lecture estim\u00e9e\" \/>\n\t<meta name=\"twitter:data1\" content=\"1 minute\" \/>\n<script type=\"application\/ld+json\" class=\"yoast-schema-graph\">{\"@context\":\"https:\\\/\\\/schema.org\",\"@graph\":[{\"@type\":\"WebPage\",\"@id\":\"https:\\\/\\\/lefildemathilde.fr\\\/index.php\\\/event\\\/la-fete-des-rameaux\\\/\",\"url\":\"https:\\\/\\\/lefildemathilde.fr\\\/index.php\\\/event\\\/la-fete-des-rameaux\\\/\",\"name\":\"La F\u00eate des Rameaux - Le Fil de Mathilde\",\"isPartOf\":{\"@id\":\"https:\\\/\\\/lefildemathilde.fr\\\/#website\"},\"primaryImageOfPage\":{\"@id\":\"https:\\\/\\\/lefildemathilde.fr\\\/index.php\\\/event\\\/la-fete-des-rameaux\\\/#primaryimage\"},\"image\":{\"@id\":\"https:\\\/\\\/lefildemathilde.fr\\\/index.php\\\/event\\\/la-fete-des-rameaux\\\/#primaryimage\"},\"thumbnailUrl\":\"https:\\\/\\\/lefildemathilde.fr\\\/wp-content\\\/uploads\\\/2026\\\/02\\\/Visuel-Foire-des-rameaux.jpg\",\"datePublished\":\"2026-02-25T17:51:31+00:00\",\"dateModified\":\"2026-03-13T16:24:01+00:00\",\"description\":\"Domfront en Poiraie en f\u00eate pour la Foire des Rameaux : march\u00e9, musique et Moyen \u00c2ge, artisanat\",\"breadcrumb\":{\"@id\":\"https:\\\/\\\/lefildemathilde.fr\\\/index.php\\\/event\\\/la-fete-des-rameaux\\\/#breadcrumb\"},\"inLanguage\":\"fr-FR\",\"potentialAction\":[{\"@type\":\"ReadAction\",\"target\":[\"https:\\\/\\\/lefildemathilde.fr\\\/index.php\\\/event\\\/la-fete-des-rameaux\\\/\"]}]},{\"@type\":\"ImageObject\",\"inLanguage\":\"fr-FR\",\"@id\":\"https:\\\/\\\/lefildemathilde.fr\\\/index.php\\\/event\\\/la-fete-des-rameaux\\\/#primaryimage\",\"url\":\"https:\\\/\\\/lefildemathilde.fr\\\/wp-content\\\/uploads\\\/2026\\\/02\\\/Visuel-Foire-des-rameaux.jpg\",\"contentUrl\":\"https:\\\/\\\/lefildemathilde.fr\\\/wp-content\\\/uploads\\\/2026\\\/02\\\/Visuel-Foire-des-rameaux.jpg\",\"width\":818,\"height\":1158,\"caption\":\"Screenshot\"},{\"@type\":\"BreadcrumbList\",\"@id\":\"https:\\\/\\\/lefildemathilde.fr\\\/index.php\\\/event\\\/la-fete-des-rameaux\\\/#breadcrumb\",\"itemListElement\":[{\"@type\":\"ListItem\",\"position\":1,\"name\":\"Accueil\",\"item\":\"https:\\\/\\\/lefildemathilde.fr\\\/\"},{\"@type\":\"ListItem\",\"position\":2,\"name\":\"\u00c9v\u00e8nements\",\"item\":\"https:\\\/\\\/lefildemathilde.fr\\\/index.php\\\/events\\\/\"},{\"@type\":\"ListItem\",\"position\":3,\"name\":\"La F\u00eate des Rameaux\"}]},{\"@type\":\"WebSite\",\"@id\":\"https:\\\/\\\/lefildemathilde.fr\\\/#website\",\"url\":\"https:\\\/\\\/lefildemathilde.fr\\\/\",\"name\":\"Le Fil de Mathilde\",\"description\":\"Kits de broderie au Point de Bayeux\",\"potentialAction\":[{\"@type\":\"SearchAction\",\"target\":{\"@type\":\"EntryPoint\",\"urlTemplate\":\"https:\\\/\\\/lefildemathilde.fr\\\/?s={search_term_string}\"},\"query-input\":{\"@type\":\"PropertyValueSpecification\",\"valueRequired\":true,\"valueName\":\"search_term_string\"}}],\"inLanguage\":\"fr-FR\"}]}<\/script>\n<!-- \/ Yoast SEO plugin. -->","yoast_head_json":{"title":"La F\u00eate des Rameaux - Le Fil de Mathilde","description":"Domfront en Poiraie en f\u00eate pour la Foire des Rameaux : march\u00e9, musique et Moyen \u00c2ge, artisanat","robots":{"index":"index","follow":"follow","max-snippet":"max-snippet:-1","max-image-preview":"max-image-preview:large","max-video-preview":"max-video-preview:-1"},"canonical":"https:\/\/lefildemathilde.fr\/index.php\/event\/la-fete-des-rameaux\/","og_locale":"fr_FR","og_type":"article","og_title":"La F\u00eate des Rameaux - Le Fil de Mathilde","og_description":"Domfront en Poiraie en f\u00eate pour la Foire des Rameaux : march\u00e9, musique et Moyen \u00c2ge, artisanat","og_url":"https:\/\/lefildemathilde.fr\/index.php\/event\/la-fete-des-rameaux\/","og_site_name":"Le Fil de Mathilde","article_modified_time":"2026-03-13T16:24:01+00:00","og_image":[{"width":818,"height":1158,"url":"https:\/\/lefildemathilde.fr\/wp-content\/uploads\/2026\/02\/Visuel-Foire-des-rameaux.jpg","type":"image\/jpeg"}],"twitter_card":"summary_large_image","twitter_misc":{"Dur\u00e9e de lecture estim\u00e9e":"1 minute"},"schema":{"@context":"https:\/\/schema.org","@graph":[{"@type":"WebPage","@id":"https:\/\/lefildemathilde.fr\/index.php\/event\/la-fete-des-rameaux\/","url":"https:\/\/lefildemathilde.fr\/index.php\/event\/la-fete-des-rameaux\/","name":"La F\u00eate des Rameaux - Le Fil de Mathilde","isPartOf":{"@id":"https:\/\/lefildemathilde.fr\/#website"},"primaryImageOfPage":{"@id":"https:\/\/lefildemathilde.fr\/index.php\/event\/la-fete-des-rameaux\/#primaryimage"},"image":{"@id":"https:\/\/lefildemathilde.fr\/index.php\/event\/la-fete-des-rameaux\/#primaryimage"},"thumbnailUrl":"https:\/\/lefildemathilde.fr\/wp-content\/uploads\/2026\/02\/Visuel-Foire-des-rameaux.jpg","datePublished":"2026-02-25T17:51:31+00:00","dateModified":"2026-03-13T16:24:01+00:00","description":"Domfront en Poiraie en f\u00eate pour la Foire des Rameaux : march\u00e9, musique et Moyen \u00c2ge, artisanat","breadcrumb":{"@id":"https:\/\/lefildemathilde.fr\/index.php\/event\/la-fete-des-rameaux\/#breadcrumb"},"inLanguage":"fr-FR","potentialAction":[{"@type":"ReadAction","target":["https:\/\/lefildemathilde.fr\/index.php\/event\/la-fete-des-rameaux\/"]}]},{"@type":"ImageObject","inLanguage":"fr-FR","@id":"https:\/\/lefildemathilde.fr\/index.php\/event\/la-fete-des-rameaux\/#primaryimage","url":"https:\/\/lefildemathilde.fr\/wp-content\/uploads\/2026\/02\/Visuel-Foire-des-rameaux.jpg","contentUrl":"https:\/\/lefildemathilde.fr\/wp-content\/uploads\/2026\/02\/Visuel-Foire-des-rameaux.jpg","width":818,"height":1158,"caption":"Screenshot"},{"@type":"BreadcrumbList","@id":"https:\/\/lefildemathilde.fr\/index.php\/event\/la-fete-des-rameaux\/#breadcrumb","itemListElement":[{"@type":"ListItem","position":1,"name":"Accueil","item":"https:\/\/lefildemathilde.fr\/"},{"@type":"ListItem","position":2,"name":"\u00c9v\u00e8nements","item":"https:\/\/lefildemathilde.fr\/index.php\/events\/"},{"@type":"ListItem","position":3,"name":"La F\u00eate des Rameaux"}]},{"@type":"WebSite","@id":"https:\/\/lefildemathilde.fr\/#website","url":"https:\/\/lefildemathilde.fr\/","name":"Le Fil de Mathilde","description":"Kits de broderie au Point de Bayeux","potentialAction":[{"@type":"SearchAction","target":{"@type":"EntryPoint","urlTemplate":"https:\/\/lefildemathilde.fr\/?s={search_term_string}"},"query-input":{"@type":"PropertyValueSpecification","valueRequired":true,"valueName":"search_term_string"}}],"inLanguage":"fr-FR"}]}},"jetpack_sharing_enabled":true,"_links":{"self":[{"href":"https:\/\/lefildemathilde.fr\/index.php\/wp-json\/wp\/v2\/tribe_events\/3562","targetHints":{"allow":["GET"]}}],"collection":[{"href":"https:\/\/lefildemathilde.fr\/index.php\/wp-json\/wp\/v2\/tribe_events"}],"about":[{"href":"https:\/\/lefildemathilde.fr\/index.php\/wp-json\/wp\/v2\/types\/tribe_events"}],"author":[{"embeddable":true,"href":"https:\/\/lefildemathilde.fr\/index.php\/wp-json\/wp\/v2\/users\/2"}],"version-history":[{"count":2,"href":"https:\/\/lefildemathilde.fr\/index.php\/wp-json\/wp\/v2\/tribe_events\/3562\/revisions"}],"predecessor-version":[{"id":3651,"href":"https:\/\/lefildemathilde.fr\/index.php\/wp-json\/wp\/v2\/tribe_events\/3562\/revisions\/3651"}],"wp:featuredmedia":[{"embeddable":true,"href":"https:\/\/lefildemathilde.fr\/index.php\/wp-json\/wp\/v2\/media\/3648"}],"wp:attachment":[{"href":"https:\/\/lefildemathilde.fr\/index.php\/wp-json\/wp\/v2\/media?parent=3562"}],"wp:term":[{"taxonomy":"post_tag","embeddable":true,"href":"https:\/\/lefildemathilde.fr\/index.php\/wp-json\/wp\/v2\/tags?post=3562"},{"taxonomy":"tribe_events_cat","embeddable":true,"href":"https:\/\/lefildemathilde.fr\/index.php\/wp-json\/wp\/v2\/tribe_events_cat?post=3562"}],"curies":[{"name":"wp","href":"https:\/\/api.w.org\/{rel}","templated":true}]}}

La Fête des Rameaux

<ul class="list-group stripes-odd">
<li class="list-group-item">
<p class="slogan-description _plu-emphasis--high ">Domfront en fête pour la Foire des Rameaux : marché, musique et Moyen Âge</p>
</li>
<li class="list-group-item">
<div class="establishment-description">
<p>Traditionnelle Foire des Rameaux domfrontaises :</p>
<p>&#8211; Plus de 80 exposants producteurs et artisans<br />
&#8211; Animations<br />
&#8211; Fête foraine<br />
&#8211; Présence de l&rsquo;association PVMD : exposition des métiers d&rsquo;artisanat du 11e siècle, atmosphère de village médiéval.</p>
</div>
<p>https://www.facebook.com/groups/475506725464657/permalink/912108875137771/</li>
</ul>

<p>Domfront en fête pour la Foire des Rameaux : marché, musique et Moyen Âge Traditionnelle Foire des Rameaux domfrontaises : &#8211; Plus de 80 exposants producteurs et artisans &#8211; Animations [&hellip;]</p>

<!-- This site is optimized with the Yoast SEO plugin v27.4 - https://yoast.com/product/yoast-seo-wordpress/ -->
<title>La Fête des Rameaux - Le Fil de Mathilde</title>
<meta name="description" content="Domfront en Poiraie en fête pour la Foire des Rameaux : marché, musique et Moyen Âge, artisanat" />
<meta name="robots" content="index, follow, max-snippet:-1, max-image-preview:large, max-video-preview:-1" />
<link rel="canonical" href="https://lefildemathilde.fr/index.php/event/la-fete-des-rameaux/" />
<meta property="og:locale" content="fr_FR" />
<meta property="og:type" content="article" />
<meta property="og:title" content="La Fête des Rameaux - Le Fil de Mathilde" />
<meta property="og:description" content="Domfront en Poiraie en fête pour la Foire des Rameaux : marché, musique et Moyen Âge, artisanat" />
<meta property="og:url" content="https://lefildemathilde.fr/index.php/event/la-fete-des-rameaux/" />
<meta property="og:site_name" content="Le Fil de Mathilde" />
<meta property="article:modified_time" content="2026-03-13T16:24:01+00:00" />
<meta property="og:image" content="https://lefildemathilde.fr/wp-content/uploads/2026/02/Visuel-Foire-des-rameaux.jpg" />
	<meta property="og:image:width" content="818" />
	<meta property="og:image:height" content="1158" />
	<meta property="og:image:type" content="image/jpeg" />
<meta name="twitter:card" content="summary_large_image" />
<meta name="twitter:label1" content="Durée de lecture estimée" />
	<meta name="twitter:data1" content="1 minute" />
<script type="application/ld+json" class="yoast-schema-graph">{"@context":"https:\/\/schema.org","@graph":[{"@type":"WebPage","@id":"https:\/\/lefildemathilde.fr\/index.php\/event\/la-fete-des-rameaux\/","url":"https:\/\/lefildemathilde.fr\/index.php\/event\/la-fete-des-rameaux\/","name":"La Fête des Rameaux - Le Fil de Mathilde","isPartOf":{"@id":"https:\/\/lefildemathilde.fr\/#website"},"primaryImageOfPage":{"@id":"https:\/\/lefildemathilde.fr\/index.php\/event\/la-fete-des-rameaux\/#primaryimage"},"image":{"@id":"https:\/\/lefildemathilde.fr\/index.php\/event\/la-fete-des-rameaux\/#primaryimage"},"thumbnailUrl":"https:\/\/lefildemathilde.fr\/wp-content\/uploads\/2026\/02\/Visuel-Foire-des-rameaux.jpg","datePublished":"2026-02-25T17:51:31+00:00","dateModified":"2026-03-13T16:24:01+00:00","description":"Domfront en Poiraie en fête pour la Foire des Rameaux : marché, musique et Moyen Âge, artisanat","breadcrumb":{"@id":"https:\/\/lefildemathilde.fr\/index.php\/event\/la-fete-des-rameaux\/#breadcrumb"},"inLanguage":"fr-FR","potentialAction":[{"@type":"ReadAction","target":["https:\/\/lefildemathilde.fr\/index.php\/event\/la-fete-des-rameaux\/"]}]},{"@type":"ImageObject","inLanguage":"fr-FR","@id":"https:\/\/lefildemathilde.fr\/index.php\/event\/la-fete-des-rameaux\/#primaryimage","url":"https:\/\/lefildemathilde.fr\/wp-content\/uploads\/2026\/02\/Visuel-Foire-des-rameaux.jpg","contentUrl":"https:\/\/lefildemathilde.fr\/wp-content\/uploads\/2026\/02\/Visuel-Foire-des-rameaux.jpg","width":818,"height":1158,"caption":"Screenshot"},{"@type":"BreadcrumbList","@id":"https:\/\/lefildemathilde.fr\/index.php\/event\/la-fete-des-rameaux\/#breadcrumb","itemListElement":[{"@type":"ListItem","position":1,"name":"Accueil","item":"https:\/\/lefildemathilde.fr\/"},{"@type":"ListItem","position":2,"name":"Évènements","item":"https:\/\/lefildemathilde.fr\/index.php\/events\/"},{"@type":"ListItem","position":3,"name":"La Fête des Rameaux"}]},{"@type":"WebSite","@id":"https:\/\/lefildemathilde.fr\/#website","url":"https:\/\/lefildemathilde.fr\/","name":"Le Fil de Mathilde","description":"Kits de broderie au Point de Bayeux","potentialAction":[{"@type":"SearchAction","target":{"@type":"EntryPoint","urlTemplate":"https:\/\/lefildemathilde.fr\/?s={search_term_string}"},"query-input":{"@type":"PropertyValueSpecification","valueRequired":true,"valueName":"search_term_string"}}],"inLanguage":"fr-FR"}]}</script>
<!-- / Yoast SEO plugin. -->

La Fête des Rameaux - Le Fil de Mathilde

Domfront en Poiraie en fête pour la Foire des Rameaux : marché, musique et Moyen Âge, artisanat

Évènements
