{"id":3662,"date":"2026-03-13T16:02:06","date_gmt":"2026-03-13T16:02:06","guid":{"rendered":"https:\/\/lefildemathilde.fr\/?post_type=tribe_events&#038;p=3662"},"modified":"2026-03-13T16:23:50","modified_gmt":"2026-03-13T16:23:50","slug":"fete-de-la-scie","status":"publish","type":"tribe_events","link":"https:\/\/lefildemathilde.fr\/index.php\/event\/fete-de-la-scie\/","title":{"rendered":"F\u00eate de la Scie"},"content":{"rendered":"<p class=\"wa_style_iyu8k42y1dq8boiusw\"><strong>\u00ab \u00d4 gens d\u2019Harfleur, nobles dames, preux seigneurs,<\/strong><strong>gueux, ribauds et joyeux drilles\u202f!<\/strong><\/p>\n<p class=\"wa_style_iyu8k42y1dq8boiusw\"><strong>C\u2019est la clameur qui le dit, <\/strong><strong>la voici de retour votre F\u00eate de la Scie,<\/strong><\/p>\n<p class=\"wa_style_iyu8k42y1dq8boiusw\"><strong>Le c\u0153ur ancien de la cit\u00e9 s\u2019ouvre comme un grimoire, <\/strong><strong>livrant ses ruelles aux farceurs, m\u00e9nestrels <\/strong><strong>et aux cr\u00e9atures fantasques !<\/strong><\/p>\n<p class=\"wa_style_iyu8k42y1dq8boiusw\"><strong>Suivez les haleines parfum\u00e9es d\u2019\u00e9pices, les cris <\/strong><strong>des histrions, les artisans en leur labeur <\/strong><strong>et approchez des \u00e9tals fumants desquels festins, <\/strong><strong>douceurs et ripailles vous appellent.<\/strong><\/p>\n<p class=\"wa_style_iyu8k42y1dq8boiusw\"><strong>Que les gueux re\u00e7oivent les clefs de la Ville, <\/strong><strong>que la gaudriole r\u00e8gne en ma\u00eetresse, <\/strong><strong>et que chacun prenne place au banquet des r\u00e9jouissances. \u00bb<\/strong><\/p>\n<p class=\"wa_style_iyu8k42y1dq8boiusw\"><strong>\u00a0<\/strong><strong>\u00ab Harfleur c\u00e9l\u00e8bre quarante ans de folie, <\/strong><strong>et \u00e0 la F\u00eate de la Scie, <\/strong><strong>qui vient le ventre creux s\u2019en retourne repu, <\/strong><strong>tous \u00e0 table, car maints gueux affam\u00e9s l\u2019ont d\u00e9j\u00e0 voulu, <\/strong><strong>du matin jusqu\u2019en la nuit\u2026 que tous en sortent pansus ! \u00bb<\/strong><\/p>\n<p class=\"wa_style_iyu8k42y1dq8boiusw\"><strong>La Municipalit\u00e9<\/strong><\/p>\n<p class=\"wa_style_iyu8k42y1dq8boiusw\">\n","protected":false},"excerpt":{"rendered":"<p>\u00ab \u00d4 gens d\u2019Harfleur, nobles dames, preux seigneurs,gueux, ribauds et joyeux drilles\u202f! C\u2019est la clameur qui le dit, la voici de retour votre F\u00eate de la Scie, Le c\u0153ur ancien [&hellip;]<\/p>\n","protected":false},"author":2,"featured_media":3663,"template":"","meta":{"_et_pb_use_builder":"","_et_pb_old_content":"","_et_gb_content_width":"","_tribe_events_status":"","_tribe_events_status_reason":"","footnotes":""},"tags":[],"tribe_events_cat":[376,403],"class_list":["post-3662","tribe_events","type-tribe_events","status-publish","has-post-thumbnail","hentry","tribe_events_cat-fete-medievale","tribe_events_cat-marche-artisanal","cat_fete-medievale","cat_marche-artisanal"],"yoast_head":"<!-- This site is optimized with the Yoast SEO plugin v27.4 - https:\/\/yoast.com\/product\/yoast-seo-wordpress\/ -->\n<title>F\u00eate de la Scie - Le Fil de Mathilde<\/title>\n<meta name=\"description\" content=\"Retrouvons-nous \u00e0 La F\u00eate de le Scie \u00e0 Harfleur (76). Reconstitution historique et march\u00e9 m\u00e9di\u00e9val. retrouvez \u00e9galement les Compagnons pour Hasting. Et la broderie Participative.\" \/>\n<meta name=\"robots\" content=\"index, follow, max-snippet:-1, max-image-preview:large, max-video-preview:-1\" \/>\n<link rel=\"canonical\" href=\"https:\/\/lefildemathilde.fr\/index.php\/event\/fete-de-la-scie\/\" \/>\n<meta property=\"og:locale\" content=\"fr_FR\" \/>\n<meta property=\"og:type\" content=\"article\" \/>\n<meta property=\"og:title\" content=\"F\u00eate de la Scie - Le Fil de Mathilde\" \/>\n<meta property=\"og:description\" content=\"Retrouvons-nous \u00e0 La F\u00eate de le Scie \u00e0 Harfleur (76). Reconstitution historique et march\u00e9 m\u00e9di\u00e9val. retrouvez \u00e9galement les Compagnons pour Hasting. Et la broderie Participative.\" \/>\n<meta property=\"og:url\" content=\"https:\/\/lefildemathilde.fr\/index.php\/event\/fete-de-la-scie\/\" \/>\n<meta property=\"og:site_name\" content=\"Le Fil de Mathilde\" \/>\n<meta property=\"article:modified_time\" content=\"2026-03-13T16:23:50+00:00\" \/>\n<meta property=\"og:image\" content=\"https:\/\/lefildemathilde.fr\/wp-content\/uploads\/2026\/03\/Affiche-Fete-de-la-Scie.jpg\" \/>\n\t<meta property=\"og:image:width\" content=\"400\" \/>\n\t<meta property=\"og:image:height\" content=\"562\" \/>\n\t<meta property=\"og:image:type\" content=\"image\/jpeg\" \/>\n<meta name=\"twitter:card\" content=\"summary_large_image\" \/>\n<meta name=\"twitter:label1\" content=\"Dur\u00e9e de lecture estim\u00e9e\" \/>\n\t<meta name=\"twitter:data1\" content=\"1 minute\" \/>\n<script type=\"application\/ld+json\" class=\"yoast-schema-graph\">{\"@context\":\"https:\\\/\\\/schema.org\",\"@graph\":[{\"@type\":\"WebPage\",\"@id\":\"https:\\\/\\\/lefildemathilde.fr\\\/index.php\\\/event\\\/fete-de-la-scie\\\/\",\"url\":\"https:\\\/\\\/lefildemathilde.fr\\\/index.php\\\/event\\\/fete-de-la-scie\\\/\",\"name\":\"F\u00eate de la Scie - Le Fil de Mathilde\",\"isPartOf\":{\"@id\":\"https:\\\/\\\/lefildemathilde.fr\\\/#website\"},\"primaryImageOfPage\":{\"@id\":\"https:\\\/\\\/lefildemathilde.fr\\\/index.php\\\/event\\\/fete-de-la-scie\\\/#primaryimage\"},\"image\":{\"@id\":\"https:\\\/\\\/lefildemathilde.fr\\\/index.php\\\/event\\\/fete-de-la-scie\\\/#primaryimage\"},\"thumbnailUrl\":\"https:\\\/\\\/lefildemathilde.fr\\\/wp-content\\\/uploads\\\/2026\\\/03\\\/Affiche-Fete-de-la-Scie.jpg\",\"datePublished\":\"2026-03-13T16:02:06+00:00\",\"dateModified\":\"2026-03-13T16:23:50+00:00\",\"description\":\"Retrouvons-nous \u00e0 La F\u00eate de le Scie \u00e0 Harfleur (76). Reconstitution historique et march\u00e9 m\u00e9di\u00e9val. retrouvez \u00e9galement les Compagnons pour Hasting. Et la broderie Participative.\",\"breadcrumb\":{\"@id\":\"https:\\\/\\\/lefildemathilde.fr\\\/index.php\\\/event\\\/fete-de-la-scie\\\/#breadcrumb\"},\"inLanguage\":\"fr-FR\",\"potentialAction\":[{\"@type\":\"ReadAction\",\"target\":[\"https:\\\/\\\/lefildemathilde.fr\\\/index.php\\\/event\\\/fete-de-la-scie\\\/\"]}]},{\"@type\":\"ImageObject\",\"inLanguage\":\"fr-FR\",\"@id\":\"https:\\\/\\\/lefildemathilde.fr\\\/index.php\\\/event\\\/fete-de-la-scie\\\/#primaryimage\",\"url\":\"https:\\\/\\\/lefildemathilde.fr\\\/wp-content\\\/uploads\\\/2026\\\/03\\\/Affiche-Fete-de-la-Scie.jpg\",\"contentUrl\":\"https:\\\/\\\/lefildemathilde.fr\\\/wp-content\\\/uploads\\\/2026\\\/03\\\/Affiche-Fete-de-la-Scie.jpg\",\"width\":400,\"height\":562,\"caption\":\"Fete de la Scie Harfleur\"},{\"@type\":\"BreadcrumbList\",\"@id\":\"https:\\\/\\\/lefildemathilde.fr\\\/index.php\\\/event\\\/fete-de-la-scie\\\/#breadcrumb\",\"itemListElement\":[{\"@type\":\"ListItem\",\"position\":1,\"name\":\"Accueil\",\"item\":\"https:\\\/\\\/lefildemathilde.fr\\\/\"},{\"@type\":\"ListItem\",\"position\":2,\"name\":\"\u00c9v\u00e8nements\",\"item\":\"https:\\\/\\\/lefildemathilde.fr\\\/index.php\\\/events\\\/\"},{\"@type\":\"ListItem\",\"position\":3,\"name\":\"F\u00eate de la Scie\"}]},{\"@type\":\"WebSite\",\"@id\":\"https:\\\/\\\/lefildemathilde.fr\\\/#website\",\"url\":\"https:\\\/\\\/lefildemathilde.fr\\\/\",\"name\":\"Le Fil de Mathilde\",\"description\":\"Kits de broderie au Point de Bayeux\",\"potentialAction\":[{\"@type\":\"SearchAction\",\"target\":{\"@type\":\"EntryPoint\",\"urlTemplate\":\"https:\\\/\\\/lefildemathilde.fr\\\/?s={search_term_string}\"},\"query-input\":{\"@type\":\"PropertyValueSpecification\",\"valueRequired\":true,\"valueName\":\"search_term_string\"}}],\"inLanguage\":\"fr-FR\"}]}<\/script>\n<!-- \/ Yoast SEO plugin. -->","yoast_head_json":{"title":"F\u00eate de la Scie - Le Fil de Mathilde","description":"Retrouvons-nous \u00e0 La F\u00eate de le Scie \u00e0 Harfleur (76). Reconstitution historique et march\u00e9 m\u00e9di\u00e9val. retrouvez \u00e9galement les Compagnons pour Hasting. Et la broderie Participative.","robots":{"index":"index","follow":"follow","max-snippet":"max-snippet:-1","max-image-preview":"max-image-preview:large","max-video-preview":"max-video-preview:-1"},"canonical":"https:\/\/lefildemathilde.fr\/index.php\/event\/fete-de-la-scie\/","og_locale":"fr_FR","og_type":"article","og_title":"F\u00eate de la Scie - Le Fil de Mathilde","og_description":"Retrouvons-nous \u00e0 La F\u00eate de le Scie \u00e0 Harfleur (76). Reconstitution historique et march\u00e9 m\u00e9di\u00e9val. retrouvez \u00e9galement les Compagnons pour Hasting. Et la broderie Participative.","og_url":"https:\/\/lefildemathilde.fr\/index.php\/event\/fete-de-la-scie\/","og_site_name":"Le Fil de Mathilde","article_modified_time":"2026-03-13T16:23:50+00:00","og_image":[{"width":400,"height":562,"url":"https:\/\/lefildemathilde.fr\/wp-content\/uploads\/2026\/03\/Affiche-Fete-de-la-Scie.jpg","type":"image\/jpeg"}],"twitter_card":"summary_large_image","twitter_misc":{"Dur\u00e9e de lecture estim\u00e9e":"1 minute"},"schema":{"@context":"https:\/\/schema.org","@graph":[{"@type":"WebPage","@id":"https:\/\/lefildemathilde.fr\/index.php\/event\/fete-de-la-scie\/","url":"https:\/\/lefildemathilde.fr\/index.php\/event\/fete-de-la-scie\/","name":"F\u00eate de la Scie - Le Fil de Mathilde","isPartOf":{"@id":"https:\/\/lefildemathilde.fr\/#website"},"primaryImageOfPage":{"@id":"https:\/\/lefildemathilde.fr\/index.php\/event\/fete-de-la-scie\/#primaryimage"},"image":{"@id":"https:\/\/lefildemathilde.fr\/index.php\/event\/fete-de-la-scie\/#primaryimage"},"thumbnailUrl":"https:\/\/lefildemathilde.fr\/wp-content\/uploads\/2026\/03\/Affiche-Fete-de-la-Scie.jpg","datePublished":"2026-03-13T16:02:06+00:00","dateModified":"2026-03-13T16:23:50+00:00","description":"Retrouvons-nous \u00e0 La F\u00eate de le Scie \u00e0 Harfleur (76). Reconstitution historique et march\u00e9 m\u00e9di\u00e9val. retrouvez \u00e9galement les Compagnons pour Hasting. Et la broderie Participative.","breadcrumb":{"@id":"https:\/\/lefildemathilde.fr\/index.php\/event\/fete-de-la-scie\/#breadcrumb"},"inLanguage":"fr-FR","potentialAction":[{"@type":"ReadAction","target":["https:\/\/lefildemathilde.fr\/index.php\/event\/fete-de-la-scie\/"]}]},{"@type":"ImageObject","inLanguage":"fr-FR","@id":"https:\/\/lefildemathilde.fr\/index.php\/event\/fete-de-la-scie\/#primaryimage","url":"https:\/\/lefildemathilde.fr\/wp-content\/uploads\/2026\/03\/Affiche-Fete-de-la-Scie.jpg","contentUrl":"https:\/\/lefildemathilde.fr\/wp-content\/uploads\/2026\/03\/Affiche-Fete-de-la-Scie.jpg","width":400,"height":562,"caption":"Fete de la Scie Harfleur"},{"@type":"BreadcrumbList","@id":"https:\/\/lefildemathilde.fr\/index.php\/event\/fete-de-la-scie\/#breadcrumb","itemListElement":[{"@type":"ListItem","position":1,"name":"Accueil","item":"https:\/\/lefildemathilde.fr\/"},{"@type":"ListItem","position":2,"name":"\u00c9v\u00e8nements","item":"https:\/\/lefildemathilde.fr\/index.php\/events\/"},{"@type":"ListItem","position":3,"name":"F\u00eate de la Scie"}]},{"@type":"WebSite","@id":"https:\/\/lefildemathilde.fr\/#website","url":"https:\/\/lefildemathilde.fr\/","name":"Le Fil de Mathilde","description":"Kits de broderie au Point de Bayeux","potentialAction":[{"@type":"SearchAction","target":{"@type":"EntryPoint","urlTemplate":"https:\/\/lefildemathilde.fr\/?s={search_term_string}"},"query-input":{"@type":"PropertyValueSpecification","valueRequired":true,"valueName":"search_term_string"}}],"inLanguage":"fr-FR"}]}},"jetpack_sharing_enabled":true,"_links":{"self":[{"href":"https:\/\/lefildemathilde.fr\/index.php\/wp-json\/wp\/v2\/tribe_events\/3662","targetHints":{"allow":["GET"]}}],"collection":[{"href":"https:\/\/lefildemathilde.fr\/index.php\/wp-json\/wp\/v2\/tribe_events"}],"about":[{"href":"https:\/\/lefildemathilde.fr\/index.php\/wp-json\/wp\/v2\/types\/tribe_events"}],"author":[{"embeddable":true,"href":"https:\/\/lefildemathilde.fr\/index.php\/wp-json\/wp\/v2\/users\/2"}],"version-history":[{"count":1,"href":"https:\/\/lefildemathilde.fr\/index.php\/wp-json\/wp\/v2\/tribe_events\/3662\/revisions"}],"predecessor-version":[{"id":3666,"href":"https:\/\/lefildemathilde.fr\/index.php\/wp-json\/wp\/v2\/tribe_events\/3662\/revisions\/3666"}],"wp:featuredmedia":[{"embeddable":true,"href":"https:\/\/lefildemathilde.fr\/index.php\/wp-json\/wp\/v2\/media\/3663"}],"wp:attachment":[{"href":"https:\/\/lefildemathilde.fr\/index.php\/wp-json\/wp\/v2\/media?parent=3662"}],"wp:term":[{"taxonomy":"post_tag","embeddable":true,"href":"https:\/\/lefildemathilde.fr\/index.php\/wp-json\/wp\/v2\/tags?post=3662"},{"taxonomy":"tribe_events_cat","embeddable":true,"href":"https:\/\/lefildemathilde.fr\/index.php\/wp-json\/wp\/v2\/tribe_events_cat?post=3662"}],"curies":[{"name":"wp","href":"https:\/\/api.w.org\/{rel}","templated":true}]}}

Fête de la Scie

<p class="wa_style_iyu8k42y1dq8boiusw"><strong>« Ô gens d’Harfleur, nobles dames, preux seigneurs,</strong><strong>gueux, ribauds et joyeux drilles !</strong></p>
<p class="wa_style_iyu8k42y1dq8boiusw"><strong>C’est la clameur qui le dit, </strong><strong>la voici de retour votre Fête de la Scie,</strong></p>
<p class="wa_style_iyu8k42y1dq8boiusw"><strong>Le cœur ancien de la cité s’ouvre comme un grimoire, </strong><strong>livrant ses ruelles aux farceurs, ménestrels </strong><strong>et aux créatures fantasques !</strong></p>
<p class="wa_style_iyu8k42y1dq8boiusw"><strong>Suivez les haleines parfumées d’épices, les cris </strong><strong>des histrions, les artisans en leur labeur </strong><strong>et approchez des étals fumants desquels festins, </strong><strong>douceurs et ripailles vous appellent.</strong></p>
<p class="wa_style_iyu8k42y1dq8boiusw"><strong>Que les gueux reçoivent les clefs de la Ville, </strong><strong>que la gaudriole règne en maîtresse, </strong><strong>et que chacun prenne place au banquet des réjouissances. »</strong></p>
<p class="wa_style_iyu8k42y1dq8boiusw"><strong> </strong><strong>« Harfleur célèbre quarante ans de folie, </strong><strong>et à la Fête de la Scie, </strong><strong>qui vient le ventre creux s’en retourne repu, </strong><strong>tous à table, car maints gueux affamés l’ont déjà voulu, </strong><strong>du matin jusqu’en la nuit… que tous en sortent pansus ! »</strong></p>
<p class="wa_style_iyu8k42y1dq8boiusw"><strong>La Municipalité</strong></p>
<p class="wa_style_iyu8k42y1dq8boiusw">

<p>« Ô gens d’Harfleur, nobles dames, preux seigneurs,gueux, ribauds et joyeux drilles ! C’est la clameur qui le dit, la voici de retour votre Fête de la Scie, Le cœur ancien [&hellip;]</p>

<!-- This site is optimized with the Yoast SEO plugin v27.4 - https://yoast.com/product/yoast-seo-wordpress/ -->
<title>Fête de la Scie - Le Fil de Mathilde</title>
<meta name="description" content="Retrouvons-nous à La Fête de le Scie à Harfleur (76). Reconstitution historique et marché médiéval. retrouvez également les Compagnons pour Hasting. Et la broderie Participative." />
<meta name="robots" content="index, follow, max-snippet:-1, max-image-preview:large, max-video-preview:-1" />
<link rel="canonical" href="https://lefildemathilde.fr/index.php/event/fete-de-la-scie/" />
<meta property="og:locale" content="fr_FR" />
<meta property="og:type" content="article" />
<meta property="og:title" content="Fête de la Scie - Le Fil de Mathilde" />
<meta property="og:description" content="Retrouvons-nous à La Fête de le Scie à Harfleur (76). Reconstitution historique et marché médiéval. retrouvez également les Compagnons pour Hasting. Et la broderie Participative." />
<meta property="og:url" content="https://lefildemathilde.fr/index.php/event/fete-de-la-scie/" />
<meta property="og:site_name" content="Le Fil de Mathilde" />
<meta property="article:modified_time" content="2026-03-13T16:23:50+00:00" />
<meta property="og:image" content="https://lefildemathilde.fr/wp-content/uploads/2026/03/Affiche-Fete-de-la-Scie.jpg" />
	<meta property="og:image:width" content="400" />
	<meta property="og:image:height" content="562" />
	<meta property="og:image:type" content="image/jpeg" />
<meta name="twitter:card" content="summary_large_image" />
<meta name="twitter:label1" content="Durée de lecture estimée" />
	<meta name="twitter:data1" content="1 minute" />
<script type="application/ld+json" class="yoast-schema-graph">{"@context":"https:\/\/schema.org","@graph":[{"@type":"WebPage","@id":"https:\/\/lefildemathilde.fr\/index.php\/event\/fete-de-la-scie\/","url":"https:\/\/lefildemathilde.fr\/index.php\/event\/fete-de-la-scie\/","name":"Fête de la Scie - Le Fil de Mathilde","isPartOf":{"@id":"https:\/\/lefildemathilde.fr\/#website"},"primaryImageOfPage":{"@id":"https:\/\/lefildemathilde.fr\/index.php\/event\/fete-de-la-scie\/#primaryimage"},"image":{"@id":"https:\/\/lefildemathilde.fr\/index.php\/event\/fete-de-la-scie\/#primaryimage"},"thumbnailUrl":"https:\/\/lefildemathilde.fr\/wp-content\/uploads\/2026\/03\/Affiche-Fete-de-la-Scie.jpg","datePublished":"2026-03-13T16:02:06+00:00","dateModified":"2026-03-13T16:23:50+00:00","description":"Retrouvons-nous à La Fête de le Scie à Harfleur (76). Reconstitution historique et marché médiéval. retrouvez également les Compagnons pour Hasting. Et la broderie Participative.","breadcrumb":{"@id":"https:\/\/lefildemathilde.fr\/index.php\/event\/fete-de-la-scie\/#breadcrumb"},"inLanguage":"fr-FR","potentialAction":[{"@type":"ReadAction","target":["https:\/\/lefildemathilde.fr\/index.php\/event\/fete-de-la-scie\/"]}]},{"@type":"ImageObject","inLanguage":"fr-FR","@id":"https:\/\/lefildemathilde.fr\/index.php\/event\/fete-de-la-scie\/#primaryimage","url":"https:\/\/lefildemathilde.fr\/wp-content\/uploads\/2026\/03\/Affiche-Fete-de-la-Scie.jpg","contentUrl":"https:\/\/lefildemathilde.fr\/wp-content\/uploads\/2026\/03\/Affiche-Fete-de-la-Scie.jpg","width":400,"height":562,"caption":"Fete de la Scie Harfleur"},{"@type":"BreadcrumbList","@id":"https:\/\/lefildemathilde.fr\/index.php\/event\/fete-de-la-scie\/#breadcrumb","itemListElement":[{"@type":"ListItem","position":1,"name":"Accueil","item":"https:\/\/lefildemathilde.fr\/"},{"@type":"ListItem","position":2,"name":"Évènements","item":"https:\/\/lefildemathilde.fr\/index.php\/events\/"},{"@type":"ListItem","position":3,"name":"Fête de la Scie"}]},{"@type":"WebSite","@id":"https:\/\/lefildemathilde.fr\/#website","url":"https:\/\/lefildemathilde.fr\/","name":"Le Fil de Mathilde","description":"Kits de broderie au Point de Bayeux","potentialAction":[{"@type":"SearchAction","target":{"@type":"EntryPoint","urlTemplate":"https:\/\/lefildemathilde.fr\/?s={search_term_string}"},"query-input":{"@type":"PropertyValueSpecification","valueRequired":true,"valueName":"search_term_string"}}],"inLanguage":"fr-FR"}]}</script>
<!-- / Yoast SEO plugin. -->

Fête de la Scie - Le Fil de Mathilde

Retrouvons-nous à La Fête de le Scie à Harfleur (76). Reconstitution historique et marché médiéval. retrouvez également les Compagnons pour Hasting. Et la broderie Participative.

Évènements
