{"id":3667,"date":"2026-03-13T16:09:57","date_gmt":"2026-03-13T16:09:57","guid":{"rendered":"https:\/\/lefildemathilde.fr\/?post_type=tribe_events&#038;p=3667"},"modified":"2026-03-13T16:23:40","modified_gmt":"2026-03-13T16:23:40","slug":"medievales-de-saint-wandrille","status":"publish","type":"tribe_events","link":"https:\/\/lefildemathilde.fr\/index.php\/event\/medievales-de-saint-wandrille\/","title":{"rendered":"M\u00e9di\u00e9vales de Saint Wandrille"},"content":{"rendered":"<p>Le week-end des 02 &amp; 03 Mai arrive \u00e0 grands pas avec des spectacles qui viendront ravir petits et grands sur le th\u00e8me des Seigneurs !<br \/>\nNous vous attendons nombreux et avons h\u00e2te de vous retrouver pour cette quatorzi\u00e8me \u00e9dition pleine de surprises !<br \/>\nLe programme du week-end sera bient\u00f4t disponible et les r\u00e9servations pour le banquet seront bient\u00f4t ouvertes !<\/p>\n<p>&nbsp;<\/p>\n<p>&nbsp;<\/p>\n","protected":false},"excerpt":{"rendered":"<p>Le week-end des 02 &amp; 03 Mai arrive \u00e0 grands pas avec des spectacles qui viendront ravir petits et grands sur le th\u00e8me des Seigneurs ! Nous vous attendons nombreux [&hellip;]<\/p>\n","protected":false},"author":2,"featured_media":3668,"template":"","meta":{"_et_pb_use_builder":"","_et_pb_old_content":"","_et_gb_content_width":"","_tribe_events_status":"","_tribe_events_status_reason":"","footnotes":""},"tags":[],"tribe_events_cat":[376,403],"class_list":["post-3667","tribe_events","type-tribe_events","status-publish","has-post-thumbnail","hentry","tribe_events_cat-fete-medievale","tribe_events_cat-marche-artisanal","cat_fete-medievale","cat_marche-artisanal"],"yoast_head":"<!-- This site is optimized with the Yoast SEO plugin v27.4 - https:\/\/yoast.com\/product\/yoast-seo-wordpress\/ -->\n<title>M\u00e9di\u00e9vales de Saint Wandrille - Le Fil de Mathilde<\/title>\n<meta name=\"description\" content=\"F\u00eate M\u00e9di\u00e9vale \u00e0 Saint Wandrille (76) Vous pourrez retrouver la broderie Participative ainsi que les Kits Le Fil de Mathilde\" \/>\n<meta name=\"robots\" content=\"index, follow, max-snippet:-1, max-image-preview:large, max-video-preview:-1\" \/>\n<link rel=\"canonical\" href=\"https:\/\/lefildemathilde.fr\/index.php\/event\/medievales-de-saint-wandrille\/\" \/>\n<meta property=\"og:locale\" content=\"fr_FR\" \/>\n<meta property=\"og:type\" content=\"article\" \/>\n<meta property=\"og:title\" content=\"M\u00e9di\u00e9vales de Saint Wandrille - Le Fil de Mathilde\" \/>\n<meta property=\"og:description\" content=\"F\u00eate M\u00e9di\u00e9vale \u00e0 Saint Wandrille (76) Vous pourrez retrouver la broderie Participative ainsi que les Kits Le Fil de Mathilde\" \/>\n<meta property=\"og:url\" content=\"https:\/\/lefildemathilde.fr\/index.php\/event\/medievales-de-saint-wandrille\/\" \/>\n<meta property=\"og:site_name\" content=\"Le Fil de Mathilde\" \/>\n<meta property=\"article:modified_time\" content=\"2026-03-13T16:23:40+00:00\" \/>\n<meta property=\"og:image\" content=\"https:\/\/lefildemathilde.fr\/wp-content\/uploads\/2026\/03\/Affiche-Saint-wandrille.jpeg\" \/>\n\t<meta property=\"og:image:width\" content=\"113\" \/>\n\t<meta property=\"og:image:height\" content=\"160\" \/>\n\t<meta property=\"og:image:type\" content=\"image\/jpeg\" \/>\n<meta name=\"twitter:card\" content=\"summary_large_image\" \/>\n<meta name=\"twitter:label1\" content=\"Dur\u00e9e de lecture estim\u00e9e\" \/>\n\t<meta name=\"twitter:data1\" content=\"1 minute\" \/>\n<script type=\"application\/ld+json\" class=\"yoast-schema-graph\">{\"@context\":\"https:\\\/\\\/schema.org\",\"@graph\":[{\"@type\":\"WebPage\",\"@id\":\"https:\\\/\\\/lefildemathilde.fr\\\/index.php\\\/event\\\/medievales-de-saint-wandrille\\\/\",\"url\":\"https:\\\/\\\/lefildemathilde.fr\\\/index.php\\\/event\\\/medievales-de-saint-wandrille\\\/\",\"name\":\"M\u00e9di\u00e9vales de Saint Wandrille - Le Fil de Mathilde\",\"isPartOf\":{\"@id\":\"https:\\\/\\\/lefildemathilde.fr\\\/#website\"},\"primaryImageOfPage\":{\"@id\":\"https:\\\/\\\/lefildemathilde.fr\\\/index.php\\\/event\\\/medievales-de-saint-wandrille\\\/#primaryimage\"},\"image\":{\"@id\":\"https:\\\/\\\/lefildemathilde.fr\\\/index.php\\\/event\\\/medievales-de-saint-wandrille\\\/#primaryimage\"},\"thumbnailUrl\":\"https:\\\/\\\/lefildemathilde.fr\\\/wp-content\\\/uploads\\\/2026\\\/03\\\/Affiche-Saint-wandrille.jpeg\",\"datePublished\":\"2026-03-13T16:09:57+00:00\",\"dateModified\":\"2026-03-13T16:23:40+00:00\",\"description\":\"F\u00eate M\u00e9di\u00e9vale \u00e0 Saint Wandrille (76) Vous pourrez retrouver la broderie Participative ainsi que les Kits Le Fil de Mathilde\",\"breadcrumb\":{\"@id\":\"https:\\\/\\\/lefildemathilde.fr\\\/index.php\\\/event\\\/medievales-de-saint-wandrille\\\/#breadcrumb\"},\"inLanguage\":\"fr-FR\",\"potentialAction\":[{\"@type\":\"ReadAction\",\"target\":[\"https:\\\/\\\/lefildemathilde.fr\\\/index.php\\\/event\\\/medievales-de-saint-wandrille\\\/\"]}]},{\"@type\":\"ImageObject\",\"inLanguage\":\"fr-FR\",\"@id\":\"https:\\\/\\\/lefildemathilde.fr\\\/index.php\\\/event\\\/medievales-de-saint-wandrille\\\/#primaryimage\",\"url\":\"https:\\\/\\\/lefildemathilde.fr\\\/wp-content\\\/uploads\\\/2026\\\/03\\\/Affiche-Saint-wandrille.jpeg\",\"contentUrl\":\"https:\\\/\\\/lefildemathilde.fr\\\/wp-content\\\/uploads\\\/2026\\\/03\\\/Affiche-Saint-wandrille.jpeg\",\"width\":113,\"height\":160,\"caption\":\"Affiche M\u00e9di\u00e9vales de Saint Wandrille\"},{\"@type\":\"BreadcrumbList\",\"@id\":\"https:\\\/\\\/lefildemathilde.fr\\\/index.php\\\/event\\\/medievales-de-saint-wandrille\\\/#breadcrumb\",\"itemListElement\":[{\"@type\":\"ListItem\",\"position\":1,\"name\":\"Accueil\",\"item\":\"https:\\\/\\\/lefildemathilde.fr\\\/\"},{\"@type\":\"ListItem\",\"position\":2,\"name\":\"\u00c9v\u00e8nements\",\"item\":\"https:\\\/\\\/lefildemathilde.fr\\\/index.php\\\/events\\\/\"},{\"@type\":\"ListItem\",\"position\":3,\"name\":\"M\u00e9di\u00e9vales de Saint Wandrille\"}]},{\"@type\":\"WebSite\",\"@id\":\"https:\\\/\\\/lefildemathilde.fr\\\/#website\",\"url\":\"https:\\\/\\\/lefildemathilde.fr\\\/\",\"name\":\"Le Fil de Mathilde\",\"description\":\"Kits de broderie au Point de Bayeux\",\"potentialAction\":[{\"@type\":\"SearchAction\",\"target\":{\"@type\":\"EntryPoint\",\"urlTemplate\":\"https:\\\/\\\/lefildemathilde.fr\\\/?s={search_term_string}\"},\"query-input\":{\"@type\":\"PropertyValueSpecification\",\"valueRequired\":true,\"valueName\":\"search_term_string\"}}],\"inLanguage\":\"fr-FR\"}]}<\/script>\n<!-- \/ Yoast SEO plugin. -->","yoast_head_json":{"title":"M\u00e9di\u00e9vales de Saint Wandrille - Le Fil de Mathilde","description":"F\u00eate M\u00e9di\u00e9vale \u00e0 Saint Wandrille (76) Vous pourrez retrouver la broderie Participative ainsi que les Kits Le Fil de Mathilde","robots":{"index":"index","follow":"follow","max-snippet":"max-snippet:-1","max-image-preview":"max-image-preview:large","max-video-preview":"max-video-preview:-1"},"canonical":"https:\/\/lefildemathilde.fr\/index.php\/event\/medievales-de-saint-wandrille\/","og_locale":"fr_FR","og_type":"article","og_title":"M\u00e9di\u00e9vales de Saint Wandrille - Le Fil de Mathilde","og_description":"F\u00eate M\u00e9di\u00e9vale \u00e0 Saint Wandrille (76) Vous pourrez retrouver la broderie Participative ainsi que les Kits Le Fil de Mathilde","og_url":"https:\/\/lefildemathilde.fr\/index.php\/event\/medievales-de-saint-wandrille\/","og_site_name":"Le Fil de Mathilde","article_modified_time":"2026-03-13T16:23:40+00:00","og_image":[{"width":113,"height":160,"url":"https:\/\/lefildemathilde.fr\/wp-content\/uploads\/2026\/03\/Affiche-Saint-wandrille.jpeg","type":"image\/jpeg"}],"twitter_card":"summary_large_image","twitter_misc":{"Dur\u00e9e de lecture estim\u00e9e":"1 minute"},"schema":{"@context":"https:\/\/schema.org","@graph":[{"@type":"WebPage","@id":"https:\/\/lefildemathilde.fr\/index.php\/event\/medievales-de-saint-wandrille\/","url":"https:\/\/lefildemathilde.fr\/index.php\/event\/medievales-de-saint-wandrille\/","name":"M\u00e9di\u00e9vales de Saint Wandrille - Le Fil de Mathilde","isPartOf":{"@id":"https:\/\/lefildemathilde.fr\/#website"},"primaryImageOfPage":{"@id":"https:\/\/lefildemathilde.fr\/index.php\/event\/medievales-de-saint-wandrille\/#primaryimage"},"image":{"@id":"https:\/\/lefildemathilde.fr\/index.php\/event\/medievales-de-saint-wandrille\/#primaryimage"},"thumbnailUrl":"https:\/\/lefildemathilde.fr\/wp-content\/uploads\/2026\/03\/Affiche-Saint-wandrille.jpeg","datePublished":"2026-03-13T16:09:57+00:00","dateModified":"2026-03-13T16:23:40+00:00","description":"F\u00eate M\u00e9di\u00e9vale \u00e0 Saint Wandrille (76) Vous pourrez retrouver la broderie Participative ainsi que les Kits Le Fil de Mathilde","breadcrumb":{"@id":"https:\/\/lefildemathilde.fr\/index.php\/event\/medievales-de-saint-wandrille\/#breadcrumb"},"inLanguage":"fr-FR","potentialAction":[{"@type":"ReadAction","target":["https:\/\/lefildemathilde.fr\/index.php\/event\/medievales-de-saint-wandrille\/"]}]},{"@type":"ImageObject","inLanguage":"fr-FR","@id":"https:\/\/lefildemathilde.fr\/index.php\/event\/medievales-de-saint-wandrille\/#primaryimage","url":"https:\/\/lefildemathilde.fr\/wp-content\/uploads\/2026\/03\/Affiche-Saint-wandrille.jpeg","contentUrl":"https:\/\/lefildemathilde.fr\/wp-content\/uploads\/2026\/03\/Affiche-Saint-wandrille.jpeg","width":113,"height":160,"caption":"Affiche M\u00e9di\u00e9vales de Saint Wandrille"},{"@type":"BreadcrumbList","@id":"https:\/\/lefildemathilde.fr\/index.php\/event\/medievales-de-saint-wandrille\/#breadcrumb","itemListElement":[{"@type":"ListItem","position":1,"name":"Accueil","item":"https:\/\/lefildemathilde.fr\/"},{"@type":"ListItem","position":2,"name":"\u00c9v\u00e8nements","item":"https:\/\/lefildemathilde.fr\/index.php\/events\/"},{"@type":"ListItem","position":3,"name":"M\u00e9di\u00e9vales de Saint Wandrille"}]},{"@type":"WebSite","@id":"https:\/\/lefildemathilde.fr\/#website","url":"https:\/\/lefildemathilde.fr\/","name":"Le Fil de Mathilde","description":"Kits de broderie au Point de Bayeux","potentialAction":[{"@type":"SearchAction","target":{"@type":"EntryPoint","urlTemplate":"https:\/\/lefildemathilde.fr\/?s={search_term_string}"},"query-input":{"@type":"PropertyValueSpecification","valueRequired":true,"valueName":"search_term_string"}}],"inLanguage":"fr-FR"}]}},"jetpack_sharing_enabled":true,"_links":{"self":[{"href":"https:\/\/lefildemathilde.fr\/index.php\/wp-json\/wp\/v2\/tribe_events\/3667","targetHints":{"allow":["GET"]}}],"collection":[{"href":"https:\/\/lefildemathilde.fr\/index.php\/wp-json\/wp\/v2\/tribe_events"}],"about":[{"href":"https:\/\/lefildemathilde.fr\/index.php\/wp-json\/wp\/v2\/types\/tribe_events"}],"author":[{"embeddable":true,"href":"https:\/\/lefildemathilde.fr\/index.php\/wp-json\/wp\/v2\/users\/2"}],"version-history":[{"count":1,"href":"https:\/\/lefildemathilde.fr\/index.php\/wp-json\/wp\/v2\/tribe_events\/3667\/revisions"}],"predecessor-version":[{"id":3670,"href":"https:\/\/lefildemathilde.fr\/index.php\/wp-json\/wp\/v2\/tribe_events\/3667\/revisions\/3670"}],"wp:featuredmedia":[{"embeddable":true,"href":"https:\/\/lefildemathilde.fr\/index.php\/wp-json\/wp\/v2\/media\/3668"}],"wp:attachment":[{"href":"https:\/\/lefildemathilde.fr\/index.php\/wp-json\/wp\/v2\/media?parent=3667"}],"wp:term":[{"taxonomy":"post_tag","embeddable":true,"href":"https:\/\/lefildemathilde.fr\/index.php\/wp-json\/wp\/v2\/tags?post=3667"},{"taxonomy":"tribe_events_cat","embeddable":true,"href":"https:\/\/lefildemathilde.fr\/index.php\/wp-json\/wp\/v2\/tribe_events_cat?post=3667"}],"curies":[{"name":"wp","href":"https:\/\/api.w.org\/{rel}","templated":true}]}}

Médiévales de Saint Wandrille

<p>Le week-end des 02 &amp; 03 Mai arrive à grands pas avec des spectacles qui viendront ravir petits et grands sur le thème des Seigneurs !<br />
Nous vous attendons nombreux et avons hâte de vous retrouver pour cette quatorzième édition pleine de surprises !<br />
Le programme du week-end sera bientôt disponible et les réservations pour le banquet seront bientôt ouvertes !</p>
<p>&nbsp;</p>
<p>&nbsp;</p>

<p>Le week-end des 02 &amp; 03 Mai arrive à grands pas avec des spectacles qui viendront ravir petits et grands sur le thème des Seigneurs ! Nous vous attendons nombreux [&hellip;]</p>

<!-- This site is optimized with the Yoast SEO plugin v27.4 - https://yoast.com/product/yoast-seo-wordpress/ -->
<title>Médiévales de Saint Wandrille - Le Fil de Mathilde</title>
<meta name="description" content="Fête Médiévale à Saint Wandrille (76) Vous pourrez retrouver la broderie Participative ainsi que les Kits Le Fil de Mathilde" />
<meta name="robots" content="index, follow, max-snippet:-1, max-image-preview:large, max-video-preview:-1" />
<link rel="canonical" href="https://lefildemathilde.fr/index.php/event/medievales-de-saint-wandrille/" />
<meta property="og:locale" content="fr_FR" />
<meta property="og:type" content="article" />
<meta property="og:title" content="Médiévales de Saint Wandrille - Le Fil de Mathilde" />
<meta property="og:description" content="Fête Médiévale à Saint Wandrille (76) Vous pourrez retrouver la broderie Participative ainsi que les Kits Le Fil de Mathilde" />
<meta property="og:url" content="https://lefildemathilde.fr/index.php/event/medievales-de-saint-wandrille/" />
<meta property="og:site_name" content="Le Fil de Mathilde" />
<meta property="article:modified_time" content="2026-03-13T16:23:40+00:00" />
<meta property="og:image" content="https://lefildemathilde.fr/wp-content/uploads/2026/03/Affiche-Saint-wandrille.jpeg" />
	<meta property="og:image:width" content="113" />
	<meta property="og:image:height" content="160" />
	<meta property="og:image:type" content="image/jpeg" />
<meta name="twitter:card" content="summary_large_image" />
<meta name="twitter:label1" content="Durée de lecture estimée" />
	<meta name="twitter:data1" content="1 minute" />
<script type="application/ld+json" class="yoast-schema-graph">{"@context":"https:\/\/schema.org","@graph":[{"@type":"WebPage","@id":"https:\/\/lefildemathilde.fr\/index.php\/event\/medievales-de-saint-wandrille\/","url":"https:\/\/lefildemathilde.fr\/index.php\/event\/medievales-de-saint-wandrille\/","name":"Médiévales de Saint Wandrille - Le Fil de Mathilde","isPartOf":{"@id":"https:\/\/lefildemathilde.fr\/#website"},"primaryImageOfPage":{"@id":"https:\/\/lefildemathilde.fr\/index.php\/event\/medievales-de-saint-wandrille\/#primaryimage"},"image":{"@id":"https:\/\/lefildemathilde.fr\/index.php\/event\/medievales-de-saint-wandrille\/#primaryimage"},"thumbnailUrl":"https:\/\/lefildemathilde.fr\/wp-content\/uploads\/2026\/03\/Affiche-Saint-wandrille.jpeg","datePublished":"2026-03-13T16:09:57+00:00","dateModified":"2026-03-13T16:23:40+00:00","description":"Fête Médiévale à Saint Wandrille (76) Vous pourrez retrouver la broderie Participative ainsi que les Kits Le Fil de Mathilde","breadcrumb":{"@id":"https:\/\/lefildemathilde.fr\/index.php\/event\/medievales-de-saint-wandrille\/#breadcrumb"},"inLanguage":"fr-FR","potentialAction":[{"@type":"ReadAction","target":["https:\/\/lefildemathilde.fr\/index.php\/event\/medievales-de-saint-wandrille\/"]}]},{"@type":"ImageObject","inLanguage":"fr-FR","@id":"https:\/\/lefildemathilde.fr\/index.php\/event\/medievales-de-saint-wandrille\/#primaryimage","url":"https:\/\/lefildemathilde.fr\/wp-content\/uploads\/2026\/03\/Affiche-Saint-wandrille.jpeg","contentUrl":"https:\/\/lefildemathilde.fr\/wp-content\/uploads\/2026\/03\/Affiche-Saint-wandrille.jpeg","width":113,"height":160,"caption":"Affiche Médiévales de Saint Wandrille"},{"@type":"BreadcrumbList","@id":"https:\/\/lefildemathilde.fr\/index.php\/event\/medievales-de-saint-wandrille\/#breadcrumb","itemListElement":[{"@type":"ListItem","position":1,"name":"Accueil","item":"https:\/\/lefildemathilde.fr\/"},{"@type":"ListItem","position":2,"name":"Évènements","item":"https:\/\/lefildemathilde.fr\/index.php\/events\/"},{"@type":"ListItem","position":3,"name":"Médiévales de Saint Wandrille"}]},{"@type":"WebSite","@id":"https:\/\/lefildemathilde.fr\/#website","url":"https:\/\/lefildemathilde.fr\/","name":"Le Fil de Mathilde","description":"Kits de broderie au Point de Bayeux","potentialAction":[{"@type":"SearchAction","target":{"@type":"EntryPoint","urlTemplate":"https:\/\/lefildemathilde.fr\/?s={search_term_string}"},"query-input":{"@type":"PropertyValueSpecification","valueRequired":true,"valueName":"search_term_string"}}],"inLanguage":"fr-FR"}]}</script>
<!-- / Yoast SEO plugin. -->

Médiévales de Saint Wandrille - Le Fil de Mathilde

Fête Médiévale à Saint Wandrille (76) Vous pourrez retrouver la broderie Participative ainsi que les Kits Le Fil de Mathilde

Affiche Médiévales de Saint Wandrille

Évènements
